{"id":6967,"date":"2021-11-17T15:10:54","date_gmt":"2021-11-17T15:10:54","guid":{"rendered":"http:\/\/fabis-lederey.com\/index.php\/versand__lieferung\/"},"modified":"2022-02-09T07:08:14","modified_gmt":"2022-02-09T07:08:14","slug":"versand__lieferung","status":"publish","type":"page","link":"http:\/\/fabis-lederey.com\/index.php\/versand__lieferung\/","title":{"rendered":"Versand &#038; Lieferung"},"content":{"rendered":"<p><strong>VERSANDINFORMATIONEN<\/strong><\/p>\n<p>Die Geb\u00fchr f\u00fcr den Versand innerhalb Deutschlands betr\u00e4gt 5,90 Euro. Der Versand von S\u00e4tteln innerhalb Deutschlands betr\u00e4gt 20 Euro. <strong>Ab einem Bestellwert von 120,00 Euro liefern wir versandkostenfrei<\/strong>. Alternativ ist nach Absprache eine kostenlose Selbstabholung m\u00f6glich.<\/p>\n<p>Bei Lieferung in das au\u00dfereurop\u00e4ische Ausland oder nicht EU-L\u00e4nder k\u00f6nnen zus\u00e4tzliche landesspezifische Einfuhrz\u00f6lle, ggf. Verzollungsgeb\u00fchren, Verzollungsdienstleistungsgeb\u00fchren sowie ggf. Einfuhrumsatzsteuern anfallen. Die H\u00f6he der Geb\u00fchren h\u00e4ngt vom jeweiligen Lieferland ab. Bitte erfragen Sie diese Geb\u00fchren bei Ihrem Zollamt vor Ort. Diese Geb\u00fchren sind von Ihnen zu tragen.<\/p>\n","protected":false},"excerpt":{"rendered":"<p>VERSANDINFORMATIONEN Die Geb\u00fchr f\u00fcr den Versand innerhalb Deutschlands betr\u00e4gt 5,90 Euro. Der Versand von S\u00e4tteln innerhalb Deutschlands betr\u00e4gt 20 Euro. Ab einem Bestellwert von 120,00&#8230;<\/p>\n","protected":false},"author":1,"featured_media":0,"parent":0,"menu_order":72,"comment_status":"closed","ping_status":"closed","template":"","meta":{"footnotes":""},"class_list":["post-6967","page","type-page","status-publish"],"yoast_head":"<!-- This site is optimized with the Yoast SEO plugin v27.3 - https:\/\/yoast.com\/product\/yoast-seo-wordpress\/ -->\n<title>Versand &amp; Lieferung - Fabis Lederey - Fabian Kempf<\/title>\n<meta name=\"robots\" content=\"index, follow, max-snippet:-1, max-image-preview:large, max-video-preview:-1\" \/>\n<link rel=\"canonical\" href=\"http:\/\/fabis-lederey.com\/index.php\/versand__lieferung\/\" \/>\n<meta property=\"og:locale\" content=\"de_DE\" \/>\n<meta property=\"og:type\" content=\"article\" \/>\n<meta property=\"og:title\" content=\"Versand &amp; Lieferung - Fabis Lederey - Fabian Kempf\" \/>\n<meta property=\"og:description\" content=\"VERSANDINFORMATIONEN Die Geb\u00fchr f\u00fcr den Versand innerhalb Deutschlands betr\u00e4gt 5,90 Euro. Der Versand von S\u00e4tteln innerhalb Deutschlands betr\u00e4gt 20 Euro. Ab einem Bestellwert von 120,00...\" \/>\n<meta property=\"og:url\" content=\"http:\/\/fabis-lederey.com\/index.php\/versand__lieferung\/\" \/>\n<meta property=\"og:site_name\" content=\"Fabis Lederey - Fabian Kempf\" \/>\n<meta property=\"article:modified_time\" content=\"2022-02-09T07:08:14+00:00\" \/>\n<meta name=\"twitter:card\" content=\"summary_large_image\" \/>\n<meta name=\"twitter:label1\" content=\"Gesch\u00e4tzte Lesezeit\" \/>\n\t<meta name=\"twitter:data1\" content=\"1\u00a0Minute\" \/>\n<script type=\"application\/ld+json\" class=\"yoast-schema-graph\">{\"@context\":\"https:\\\/\\\/schema.org\",\"@graph\":[{\"@type\":\"WebPage\",\"@id\":\"http:\\\/\\\/fabis-lederey.com\\\/index.php\\\/versand__lieferung\\\/\",\"url\":\"http:\\\/\\\/fabis-lederey.com\\\/index.php\\\/versand__lieferung\\\/\",\"name\":\"Versand & Lieferung - Fabis Lederey - Fabian Kempf\",\"isPartOf\":{\"@id\":\"https:\\\/\\\/fabis-lederey.com\\\/#website\"},\"datePublished\":\"2021-11-17T15:10:54+00:00\",\"dateModified\":\"2022-02-09T07:08:14+00:00\",\"breadcrumb\":{\"@id\":\"http:\\\/\\\/fabis-lederey.com\\\/index.php\\\/versand__lieferung\\\/#breadcrumb\"},\"inLanguage\":\"de\",\"potentialAction\":[{\"@type\":\"ReadAction\",\"target\":[\"http:\\\/\\\/fabis-lederey.com\\\/index.php\\\/versand__lieferung\\\/\"]}]},{\"@type\":\"BreadcrumbList\",\"@id\":\"http:\\\/\\\/fabis-lederey.com\\\/index.php\\\/versand__lieferung\\\/#breadcrumb\",\"itemListElement\":[{\"@type\":\"ListItem\",\"position\":1,\"name\":\"Home\",\"item\":\"https:\\\/\\\/fabis-lederey.com\\\/\"},{\"@type\":\"ListItem\",\"position\":2,\"name\":\"Versand &#038; Lieferung\"}]},{\"@type\":\"WebSite\",\"@id\":\"https:\\\/\\\/fabis-lederey.com\\\/#website\",\"url\":\"https:\\\/\\\/fabis-lederey.com\\\/\",\"name\":\"Fabis Lederey - Fabian Kempf\",\"description\":\"Die Reitsportsattlerei und Ledermanufaktur in Pirmasens, S\u00fcdwestpfalz und im SaarLorLux-Kreis.\",\"potentialAction\":[{\"@type\":\"SearchAction\",\"target\":{\"@type\":\"EntryPoint\",\"urlTemplate\":\"https:\\\/\\\/fabis-lederey.com\\\/?s={search_term_string}\"},\"query-input\":{\"@type\":\"PropertyValueSpecification\",\"valueRequired\":true,\"valueName\":\"search_term_string\"}}],\"inLanguage\":\"de\"}]}<\/script>\n<!-- \/ Yoast SEO plugin. -->","yoast_head_json":{"title":"Versand & Lieferung - Fabis Lederey - Fabian Kempf","robots":{"index":"index","follow":"follow","max-snippet":"max-snippet:-1","max-image-preview":"max-image-preview:large","max-video-preview":"max-video-preview:-1"},"canonical":"http:\/\/fabis-lederey.com\/index.php\/versand__lieferung\/","og_locale":"de_DE","og_type":"article","og_title":"Versand & Lieferung - Fabis Lederey - Fabian Kempf","og_description":"VERSANDINFORMATIONEN Die Geb\u00fchr f\u00fcr den Versand innerhalb Deutschlands betr\u00e4gt 5,90 Euro. Der Versand von S\u00e4tteln innerhalb Deutschlands betr\u00e4gt 20 Euro. Ab einem Bestellwert von 120,00...","og_url":"http:\/\/fabis-lederey.com\/index.php\/versand__lieferung\/","og_site_name":"Fabis Lederey - Fabian Kempf","article_modified_time":"2022-02-09T07:08:14+00:00","twitter_card":"summary_large_image","twitter_misc":{"Gesch\u00e4tzte Lesezeit":"1\u00a0Minute"},"schema":{"@context":"https:\/\/schema.org","@graph":[{"@type":"WebPage","@id":"http:\/\/fabis-lederey.com\/index.php\/versand__lieferung\/","url":"http:\/\/fabis-lederey.com\/index.php\/versand__lieferung\/","name":"Versand & Lieferung - Fabis Lederey - Fabian Kempf","isPartOf":{"@id":"https:\/\/fabis-lederey.com\/#website"},"datePublished":"2021-11-17T15:10:54+00:00","dateModified":"2022-02-09T07:08:14+00:00","breadcrumb":{"@id":"http:\/\/fabis-lederey.com\/index.php\/versand__lieferung\/#breadcrumb"},"inLanguage":"de","potentialAction":[{"@type":"ReadAction","target":["http:\/\/fabis-lederey.com\/index.php\/versand__lieferung\/"]}]},{"@type":"BreadcrumbList","@id":"http:\/\/fabis-lederey.com\/index.php\/versand__lieferung\/#breadcrumb","itemListElement":[{"@type":"ListItem","position":1,"name":"Home","item":"https:\/\/fabis-lederey.com\/"},{"@type":"ListItem","position":2,"name":"Versand &#038; Lieferung"}]},{"@type":"WebSite","@id":"https:\/\/fabis-lederey.com\/#website","url":"https:\/\/fabis-lederey.com\/","name":"Fabis Lederey - Fabian Kempf","description":"Die Reitsportsattlerei und Ledermanufaktur in Pirmasens, S\u00fcdwestpfalz und im SaarLorLux-Kreis.","potentialAction":[{"@type":"SearchAction","target":{"@type":"EntryPoint","urlTemplate":"https:\/\/fabis-lederey.com\/?s={search_term_string}"},"query-input":{"@type":"PropertyValueSpecification","valueRequired":true,"valueName":"search_term_string"}}],"inLanguage":"de"}]}},"_links":{"self":[{"href":"http:\/\/fabis-lederey.com\/index.php\/wp-json\/wp\/v2\/pages\/6967","targetHints":{"allow":["GET"]}}],"collection":[{"href":"http:\/\/fabis-lederey.com\/index.php\/wp-json\/wp\/v2\/pages"}],"about":[{"href":"http:\/\/fabis-lederey.com\/index.php\/wp-json\/wp\/v2\/types\/page"}],"author":[{"embeddable":true,"href":"http:\/\/fabis-lederey.com\/index.php\/wp-json\/wp\/v2\/users\/1"}],"replies":[{"embeddable":true,"href":"http:\/\/fabis-lederey.com\/index.php\/wp-json\/wp\/v2\/comments?post=6967"}],"version-history":[{"count":3,"href":"http:\/\/fabis-lederey.com\/index.php\/wp-json\/wp\/v2\/pages\/6967\/revisions"}],"predecessor-version":[{"id":7643,"href":"http:\/\/fabis-lederey.com\/index.php\/wp-json\/wp\/v2\/pages\/6967\/revisions\/7643"}],"wp:attachment":[{"href":"http:\/\/fabis-lederey.com\/index.php\/wp-json\/wp\/v2\/media?parent=6967"}],"curies":[{"name":"wp","href":"https:\/\/api.w.org\/{rel}","templated":true}]}}