{"id":7159,"date":"2021-12-15T07:51:16","date_gmt":"2021-12-15T07:51:16","guid":{"rendered":"http:\/\/fabis-lederey.com\/?post_type=product&#038;p=7159"},"modified":"2022-01-06T08:40:16","modified_gmt":"2022-01-06T08:40:16","slug":"kieffer-elefant-soft-steigbuegelriemen","status":"publish","type":"product","link":"http:\/\/fabis-lederey.com\/index.php\/produkt\/kieffer-elefant-soft-steigbuegelriemen\/","title":{"rendered":"Kieffer &#8211; Elefant Soft Steigb\u00fcgelriemen"},"content":{"rendered":"<h3><strong>Doppelt gen\u00e4hter Steigb\u00fcgelriemen aus doubliertem, extra weichem Leder<\/strong><\/h3>\n<ul>\n<li>Extrem belastbar durch spezielle Nylon-Einlage<\/li>\n<li>Pro Seite bis maximal 500 kg rei\u00dffest<\/li>\n<li>Breite: 25 mm<\/li>\n<\/ul>\n<h3>Farben:<\/h3>\n<ul>\n<li>schwarz<\/li>\n<\/ul>\n<h3>L\u00e4ngen:<\/h3>\n<ul>\n<li>140 cm<\/li>\n<li>150 cm<\/li>\n<li>160 cm<\/li>\n<\/ul>\n","protected":false},"excerpt":{"rendered":"<header class=\"product--header\">\n<h4 class=\"product--info\">Kieffer Steigb\u00fcgelriemen Elefant Soft II<\/h4>\n<ul>\n<li class=\"product--info\">Extra weiches Leder<\/li>\n<li class=\"product--info\">Extrem rei\u00dffest durch eine starke Nyloneinlage<\/li>\n<li class=\"product--info\">Belastung pro B\u00fcgelriemen bis maximal 500 kg<\/li>\n<li class=\"product--info\">Doppelt gen\u00e4ht, sehr weich und anschmiegsam<\/li>\n<li class=\"product--info\">Breite 25mm<\/li>\n<\/ul>\n<\/header>\n","protected":false},"featured_media":0,"comment_status":"open","ping_status":"closed","template":"","meta":[],"product_brand":[],"product_cat":[44,82],"product_tag":[],"class_list":{"0":"post-7159","1":"product","2":"type-product","3":"status-publish","5":"product_cat-allproducts","6":"product_cat-steigbuegel-und-riemen","7":"pa_laenge-steigbuegel-140cm","8":"pa_laenge-steigbuegel-150cm","9":"pa_laenge-steigbuegel-160cm","11":"first","12":"instock","13":"taxable","14":"shipping-taxable","15":"purchasable","16":"product-type-variable","17":"has-default-attributes"},"yoast_head":"<!-- This site is optimized with the Yoast SEO plugin v27.3 - https:\/\/yoast.com\/product\/yoast-seo-wordpress\/ -->\n<title>Kieffer - Elefant Soft Steigb\u00fcgelriemen - Fabis Lederey - Fabian Kempf<\/title>\n<meta name=\"robots\" content=\"index, follow, max-snippet:-1, max-image-preview:large, max-video-preview:-1\" \/>\n<link rel=\"canonical\" href=\"http:\/\/fabis-lederey.com\/index.php\/produkt\/kieffer-elefant-soft-steigbuegelriemen\/\" \/>\n<meta property=\"og:locale\" content=\"de_DE\" \/>\n<meta property=\"og:type\" content=\"article\" \/>\n<meta property=\"og:title\" content=\"Kieffer - Elefant Soft Steigb\u00fcgelriemen - Fabis Lederey - Fabian Kempf\" \/>\n<meta property=\"og:description\" content=\"Kieffer Steigb\u00fcgelriemen Elefant Soft II   Extra weiches Leder  Extrem rei\u00dffest durch eine starke Nyloneinlage  Belastung pro B\u00fcgelriemen bis maximal 500 kg  Doppelt gen\u00e4ht, sehr weich und anschmiegsam  Breite 25mm\" \/>\n<meta property=\"og:url\" content=\"http:\/\/fabis-lederey.com\/index.php\/produkt\/kieffer-elefant-soft-steigbuegelriemen\/\" \/>\n<meta property=\"og:site_name\" content=\"Fabis Lederey - Fabian Kempf\" \/>\n<meta property=\"article:modified_time\" content=\"2022-01-06T08:40:16+00:00\" \/>\n<meta name=\"twitter:card\" content=\"summary_large_image\" \/>\n<meta name=\"twitter:label1\" content=\"Gesch\u00e4tzte Lesezeit\" \/>\n\t<meta name=\"twitter:data1\" content=\"1\u00a0Minute\" \/>\n<script type=\"application\/ld+json\" class=\"yoast-schema-graph\">{\"@context\":\"https:\\\/\\\/schema.org\",\"@graph\":[{\"@type\":\"WebPage\",\"@id\":\"http:\\\/\\\/fabis-lederey.com\\\/index.php\\\/produkt\\\/kieffer-elefant-soft-steigbuegelriemen\\\/\",\"url\":\"http:\\\/\\\/fabis-lederey.com\\\/index.php\\\/produkt\\\/kieffer-elefant-soft-steigbuegelriemen\\\/\",\"name\":\"Kieffer - Elefant Soft Steigb\u00fcgelriemen - Fabis Lederey - Fabian Kempf\",\"isPartOf\":{\"@id\":\"http:\\\/\\\/fabis-lederey.com\\\/#website\"},\"datePublished\":\"2021-12-15T07:51:16+00:00\",\"dateModified\":\"2022-01-06T08:40:16+00:00\",\"breadcrumb\":{\"@id\":\"http:\\\/\\\/fabis-lederey.com\\\/index.php\\\/produkt\\\/kieffer-elefant-soft-steigbuegelriemen\\\/#breadcrumb\"},\"inLanguage\":\"de\",\"potentialAction\":[{\"@type\":\"ReadAction\",\"target\":[\"http:\\\/\\\/fabis-lederey.com\\\/index.php\\\/produkt\\\/kieffer-elefant-soft-steigbuegelriemen\\\/\"]}]},{\"@type\":\"BreadcrumbList\",\"@id\":\"http:\\\/\\\/fabis-lederey.com\\\/index.php\\\/produkt\\\/kieffer-elefant-soft-steigbuegelriemen\\\/#breadcrumb\",\"itemListElement\":[{\"@type\":\"ListItem\",\"position\":1,\"name\":\"Home\",\"item\":\"http:\\\/\\\/fabis-lederey.com\\\/\"},{\"@type\":\"ListItem\",\"position\":2,\"name\":\"Shop\",\"item\":\"http:\\\/\\\/fabis-lederey.com\\\/?page_id=7147\"},{\"@type\":\"ListItem\",\"position\":3,\"name\":\"Kieffer &#8211; Elefant Soft Steigb\u00fcgelriemen\"}]},{\"@type\":\"WebSite\",\"@id\":\"http:\\\/\\\/fabis-lederey.com\\\/#website\",\"url\":\"http:\\\/\\\/fabis-lederey.com\\\/\",\"name\":\"Fabis Lederey - Fabian Kempf\",\"description\":\"Die Reitsportsattlerei und Ledermanufaktur in Pirmasens, S\u00fcdwestpfalz und im SaarLorLux-Kreis.\",\"potentialAction\":[{\"@type\":\"SearchAction\",\"target\":{\"@type\":\"EntryPoint\",\"urlTemplate\":\"http:\\\/\\\/fabis-lederey.com\\\/?s={search_term_string}\"},\"query-input\":{\"@type\":\"PropertyValueSpecification\",\"valueRequired\":true,\"valueName\":\"search_term_string\"}}],\"inLanguage\":\"de\"}]}<\/script>\n<!-- \/ Yoast SEO plugin. -->","yoast_head_json":{"title":"Kieffer - Elefant Soft Steigb\u00fcgelriemen - Fabis Lederey - Fabian Kempf","robots":{"index":"index","follow":"follow","max-snippet":"max-snippet:-1","max-image-preview":"max-image-preview:large","max-video-preview":"max-video-preview:-1"},"canonical":"http:\/\/fabis-lederey.com\/index.php\/produkt\/kieffer-elefant-soft-steigbuegelriemen\/","og_locale":"de_DE","og_type":"article","og_title":"Kieffer - Elefant Soft Steigb\u00fcgelriemen - Fabis Lederey - Fabian Kempf","og_description":"Kieffer Steigb\u00fcgelriemen Elefant Soft II   Extra weiches Leder  Extrem rei\u00dffest durch eine starke Nyloneinlage  Belastung pro B\u00fcgelriemen bis maximal 500 kg  Doppelt gen\u00e4ht, sehr weich und anschmiegsam  Breite 25mm","og_url":"http:\/\/fabis-lederey.com\/index.php\/produkt\/kieffer-elefant-soft-steigbuegelriemen\/","og_site_name":"Fabis Lederey - Fabian Kempf","article_modified_time":"2022-01-06T08:40:16+00:00","twitter_card":"summary_large_image","twitter_misc":{"Gesch\u00e4tzte Lesezeit":"1\u00a0Minute"},"schema":{"@context":"https:\/\/schema.org","@graph":[{"@type":"WebPage","@id":"http:\/\/fabis-lederey.com\/index.php\/produkt\/kieffer-elefant-soft-steigbuegelriemen\/","url":"http:\/\/fabis-lederey.com\/index.php\/produkt\/kieffer-elefant-soft-steigbuegelriemen\/","name":"Kieffer - Elefant Soft Steigb\u00fcgelriemen - Fabis Lederey - Fabian Kempf","isPartOf":{"@id":"http:\/\/fabis-lederey.com\/#website"},"datePublished":"2021-12-15T07:51:16+00:00","dateModified":"2022-01-06T08:40:16+00:00","breadcrumb":{"@id":"http:\/\/fabis-lederey.com\/index.php\/produkt\/kieffer-elefant-soft-steigbuegelriemen\/#breadcrumb"},"inLanguage":"de","potentialAction":[{"@type":"ReadAction","target":["http:\/\/fabis-lederey.com\/index.php\/produkt\/kieffer-elefant-soft-steigbuegelriemen\/"]}]},{"@type":"BreadcrumbList","@id":"http:\/\/fabis-lederey.com\/index.php\/produkt\/kieffer-elefant-soft-steigbuegelriemen\/#breadcrumb","itemListElement":[{"@type":"ListItem","position":1,"name":"Home","item":"http:\/\/fabis-lederey.com\/"},{"@type":"ListItem","position":2,"name":"Shop","item":"http:\/\/fabis-lederey.com\/?page_id=7147"},{"@type":"ListItem","position":3,"name":"Kieffer &#8211; Elefant Soft Steigb\u00fcgelriemen"}]},{"@type":"WebSite","@id":"http:\/\/fabis-lederey.com\/#website","url":"http:\/\/fabis-lederey.com\/","name":"Fabis Lederey - Fabian Kempf","description":"Die Reitsportsattlerei und Ledermanufaktur in Pirmasens, S\u00fcdwestpfalz und im SaarLorLux-Kreis.","potentialAction":[{"@type":"SearchAction","target":{"@type":"EntryPoint","urlTemplate":"http:\/\/fabis-lederey.com\/?s={search_term_string}"},"query-input":{"@type":"PropertyValueSpecification","valueRequired":true,"valueName":"search_term_string"}}],"inLanguage":"de"}]}},"_links":{"self":[{"href":"http:\/\/fabis-lederey.com\/index.php\/wp-json\/wp\/v2\/product\/7159","targetHints":{"allow":["GET"]}}],"collection":[{"href":"http:\/\/fabis-lederey.com\/index.php\/wp-json\/wp\/v2\/product"}],"about":[{"href":"http:\/\/fabis-lederey.com\/index.php\/wp-json\/wp\/v2\/types\/product"}],"replies":[{"embeddable":true,"href":"http:\/\/fabis-lederey.com\/index.php\/wp-json\/wp\/v2\/comments?post=7159"}],"wp:attachment":[{"href":"http:\/\/fabis-lederey.com\/index.php\/wp-json\/wp\/v2\/media?parent=7159"}],"wp:term":[{"taxonomy":"product_brand","embeddable":true,"href":"http:\/\/fabis-lederey.com\/index.php\/wp-json\/wp\/v2\/product_brand?post=7159"},{"taxonomy":"product_cat","embeddable":true,"href":"http:\/\/fabis-lederey.com\/index.php\/wp-json\/wp\/v2\/product_cat?post=7159"},{"taxonomy":"product_tag","embeddable":true,"href":"http:\/\/fabis-lederey.com\/index.php\/wp-json\/wp\/v2\/product_tag?post=7159"}],"curies":[{"name":"wp","href":"https:\/\/api.w.org\/{rel}","templated":true}]}}