{"id":7180,"date":"2021-12-15T09:48:21","date_gmt":"2021-12-15T09:48:21","guid":{"rendered":"http:\/\/fabis-lederey.com\/?post_type=product&#038;p=7180"},"modified":"2022-03-01T08:05:07","modified_gmt":"2022-03-01T08:05:07","slug":"busse-steigbuegelriemen-advanced-curved","status":"publish","type":"product","link":"http:\/\/fabis-lederey.com\/index.php\/produkt\/busse-steigbuegelriemen-advanced-curved\/","title":{"rendered":"Busse &#8211; Steigb\u00fcgelriemen Advanced Curved"},"content":{"rendered":"<div class=\"DetailArtikelbeschreibung\">\n<h3>Busse Steigb\u00fcgelriemen ADVANCED-CURVED<\/h3>\n<p>Aus bestem Leder &#8211; mit abgerundeten Kanten &#8211; extra enger Lochabstand f\u00fcr individuellere B\u00fcgell\u00e4ngeneinstellung &#8211; gebogene Edelstahlschnallen.<\/p>\n<p>Breite: 25 mm<\/p>\n<\/div>\n<div>Erh\u00e4ltlich in den L\u00e4ngen 140cm und 150cm<\/div>\n","protected":false},"excerpt":{"rendered":"<h4 class=\"uppercase\">Steigb\u00fcgelriemen ADVANCED-CURVED<\/h4>\n<div id=\"einzel\" class=\"bestcontent\">\n<p id=\"farbe_swiper\" class=\"prod_eigenschaft\"><span class=\"eigenschaft_title\">Farbe schwarz<\/span><\/p>\n<p class=\"prod_eigenschaft\"><span class=\"eigenschaft_title\">Beschlag <\/span><span id=\"derFarbText\">Edelstahl<\/span><\/p>\n<p>L\u00e4nge 140cm und 150cm<\/p>\n<\/div>\n","protected":false},"featured_media":0,"comment_status":"open","ping_status":"closed","template":"","meta":[],"product_brand":[],"product_cat":[44,82],"product_tag":[],"class_list":{"0":"post-7180","1":"product","2":"type-product","3":"status-publish","5":"product_cat-allproducts","6":"product_cat-steigbuegel-und-riemen","7":"pa_laenge-steigbuegel-140cm","8":"pa_laenge-steigbuegel-150cm","9":"pa_laenge-steigbuegel-160cm","11":"first","12":"instock","13":"taxable","14":"shipping-taxable","15":"purchasable","16":"product-type-variable","17":"has-default-attributes"},"yoast_head":"<!-- This site is optimized with the Yoast SEO plugin v27.3 - https:\/\/yoast.com\/product\/yoast-seo-wordpress\/ -->\n<title>Busse - Steigb\u00fcgelriemen Advanced Curved - Fabis Lederey - Fabian Kempf<\/title>\n<meta name=\"robots\" content=\"index, follow, max-snippet:-1, max-image-preview:large, max-video-preview:-1\" \/>\n<link rel=\"canonical\" href=\"http:\/\/fabis-lederey.com\/index.php\/produkt\/busse-steigbuegelriemen-advanced-curved\/\" \/>\n<meta property=\"og:locale\" content=\"de_DE\" \/>\n<meta property=\"og:type\" content=\"article\" \/>\n<meta property=\"og:title\" content=\"Busse - Steigb\u00fcgelriemen Advanced Curved - Fabis Lederey - Fabian Kempf\" \/>\n<meta property=\"og:description\" content=\"Steigb\u00fcgelriemen ADVANCED-CURVED  Farbe schwarz Beschlag Edelstahl L\u00e4nge 140cm und 150cm\" \/>\n<meta property=\"og:url\" content=\"http:\/\/fabis-lederey.com\/index.php\/produkt\/busse-steigbuegelriemen-advanced-curved\/\" \/>\n<meta property=\"og:site_name\" content=\"Fabis Lederey - Fabian Kempf\" \/>\n<meta property=\"article:modified_time\" content=\"2022-03-01T08:05:07+00:00\" \/>\n<meta name=\"twitter:card\" content=\"summary_large_image\" \/>\n<meta name=\"twitter:label1\" content=\"Gesch\u00e4tzte Lesezeit\" \/>\n\t<meta name=\"twitter:data1\" content=\"1\u00a0Minute\" \/>\n<script type=\"application\/ld+json\" class=\"yoast-schema-graph\">{\"@context\":\"https:\\\/\\\/schema.org\",\"@graph\":[{\"@type\":\"WebPage\",\"@id\":\"http:\\\/\\\/fabis-lederey.com\\\/index.php\\\/produkt\\\/busse-steigbuegelriemen-advanced-curved\\\/\",\"url\":\"http:\\\/\\\/fabis-lederey.com\\\/index.php\\\/produkt\\\/busse-steigbuegelriemen-advanced-curved\\\/\",\"name\":\"Busse - Steigb\u00fcgelriemen Advanced Curved - Fabis Lederey - Fabian Kempf\",\"isPartOf\":{\"@id\":\"http:\\\/\\\/fabis-lederey.com\\\/#website\"},\"datePublished\":\"2021-12-15T09:48:21+00:00\",\"dateModified\":\"2022-03-01T08:05:07+00:00\",\"breadcrumb\":{\"@id\":\"http:\\\/\\\/fabis-lederey.com\\\/index.php\\\/produkt\\\/busse-steigbuegelriemen-advanced-curved\\\/#breadcrumb\"},\"inLanguage\":\"de\",\"potentialAction\":[{\"@type\":\"ReadAction\",\"target\":[\"http:\\\/\\\/fabis-lederey.com\\\/index.php\\\/produkt\\\/busse-steigbuegelriemen-advanced-curved\\\/\"]}]},{\"@type\":\"BreadcrumbList\",\"@id\":\"http:\\\/\\\/fabis-lederey.com\\\/index.php\\\/produkt\\\/busse-steigbuegelriemen-advanced-curved\\\/#breadcrumb\",\"itemListElement\":[{\"@type\":\"ListItem\",\"position\":1,\"name\":\"Home\",\"item\":\"http:\\\/\\\/fabis-lederey.com\\\/\"},{\"@type\":\"ListItem\",\"position\":2,\"name\":\"Shop\",\"item\":\"http:\\\/\\\/fabis-lederey.com\\\/?page_id=7147\"},{\"@type\":\"ListItem\",\"position\":3,\"name\":\"Busse &#8211; Steigb\u00fcgelriemen Advanced Curved\"}]},{\"@type\":\"WebSite\",\"@id\":\"http:\\\/\\\/fabis-lederey.com\\\/#website\",\"url\":\"http:\\\/\\\/fabis-lederey.com\\\/\",\"name\":\"Fabis Lederey - Fabian Kempf\",\"description\":\"Die Reitsportsattlerei und Ledermanufaktur in Pirmasens, S\u00fcdwestpfalz und im SaarLorLux-Kreis.\",\"potentialAction\":[{\"@type\":\"SearchAction\",\"target\":{\"@type\":\"EntryPoint\",\"urlTemplate\":\"http:\\\/\\\/fabis-lederey.com\\\/?s={search_term_string}\"},\"query-input\":{\"@type\":\"PropertyValueSpecification\",\"valueRequired\":true,\"valueName\":\"search_term_string\"}}],\"inLanguage\":\"de\"}]}<\/script>\n<!-- \/ Yoast SEO plugin. -->","yoast_head_json":{"title":"Busse - Steigb\u00fcgelriemen Advanced Curved - Fabis Lederey - Fabian Kempf","robots":{"index":"index","follow":"follow","max-snippet":"max-snippet:-1","max-image-preview":"max-image-preview:large","max-video-preview":"max-video-preview:-1"},"canonical":"http:\/\/fabis-lederey.com\/index.php\/produkt\/busse-steigbuegelriemen-advanced-curved\/","og_locale":"de_DE","og_type":"article","og_title":"Busse - Steigb\u00fcgelriemen Advanced Curved - Fabis Lederey - Fabian Kempf","og_description":"Steigb\u00fcgelriemen ADVANCED-CURVED  Farbe schwarz Beschlag Edelstahl L\u00e4nge 140cm und 150cm","og_url":"http:\/\/fabis-lederey.com\/index.php\/produkt\/busse-steigbuegelriemen-advanced-curved\/","og_site_name":"Fabis Lederey - Fabian Kempf","article_modified_time":"2022-03-01T08:05:07+00:00","twitter_card":"summary_large_image","twitter_misc":{"Gesch\u00e4tzte Lesezeit":"1\u00a0Minute"},"schema":{"@context":"https:\/\/schema.org","@graph":[{"@type":"WebPage","@id":"http:\/\/fabis-lederey.com\/index.php\/produkt\/busse-steigbuegelriemen-advanced-curved\/","url":"http:\/\/fabis-lederey.com\/index.php\/produkt\/busse-steigbuegelriemen-advanced-curved\/","name":"Busse - Steigb\u00fcgelriemen Advanced Curved - Fabis Lederey - Fabian Kempf","isPartOf":{"@id":"http:\/\/fabis-lederey.com\/#website"},"datePublished":"2021-12-15T09:48:21+00:00","dateModified":"2022-03-01T08:05:07+00:00","breadcrumb":{"@id":"http:\/\/fabis-lederey.com\/index.php\/produkt\/busse-steigbuegelriemen-advanced-curved\/#breadcrumb"},"inLanguage":"de","potentialAction":[{"@type":"ReadAction","target":["http:\/\/fabis-lederey.com\/index.php\/produkt\/busse-steigbuegelriemen-advanced-curved\/"]}]},{"@type":"BreadcrumbList","@id":"http:\/\/fabis-lederey.com\/index.php\/produkt\/busse-steigbuegelriemen-advanced-curved\/#breadcrumb","itemListElement":[{"@type":"ListItem","position":1,"name":"Home","item":"http:\/\/fabis-lederey.com\/"},{"@type":"ListItem","position":2,"name":"Shop","item":"http:\/\/fabis-lederey.com\/?page_id=7147"},{"@type":"ListItem","position":3,"name":"Busse &#8211; Steigb\u00fcgelriemen Advanced Curved"}]},{"@type":"WebSite","@id":"http:\/\/fabis-lederey.com\/#website","url":"http:\/\/fabis-lederey.com\/","name":"Fabis Lederey - Fabian Kempf","description":"Die Reitsportsattlerei und Ledermanufaktur in Pirmasens, S\u00fcdwestpfalz und im SaarLorLux-Kreis.","potentialAction":[{"@type":"SearchAction","target":{"@type":"EntryPoint","urlTemplate":"http:\/\/fabis-lederey.com\/?s={search_term_string}"},"query-input":{"@type":"PropertyValueSpecification","valueRequired":true,"valueName":"search_term_string"}}],"inLanguage":"de"}]}},"_links":{"self":[{"href":"http:\/\/fabis-lederey.com\/index.php\/wp-json\/wp\/v2\/product\/7180","targetHints":{"allow":["GET"]}}],"collection":[{"href":"http:\/\/fabis-lederey.com\/index.php\/wp-json\/wp\/v2\/product"}],"about":[{"href":"http:\/\/fabis-lederey.com\/index.php\/wp-json\/wp\/v2\/types\/product"}],"replies":[{"embeddable":true,"href":"http:\/\/fabis-lederey.com\/index.php\/wp-json\/wp\/v2\/comments?post=7180"}],"wp:attachment":[{"href":"http:\/\/fabis-lederey.com\/index.php\/wp-json\/wp\/v2\/media?parent=7180"}],"wp:term":[{"taxonomy":"product_brand","embeddable":true,"href":"http:\/\/fabis-lederey.com\/index.php\/wp-json\/wp\/v2\/product_brand?post=7180"},{"taxonomy":"product_cat","embeddable":true,"href":"http:\/\/fabis-lederey.com\/index.php\/wp-json\/wp\/v2\/product_cat?post=7180"},{"taxonomy":"product_tag","embeddable":true,"href":"http:\/\/fabis-lederey.com\/index.php\/wp-json\/wp\/v2\/product_tag?post=7180"}],"curies":[{"name":"wp","href":"https:\/\/api.w.org\/{rel}","templated":true}]}}