{"id":7197,"date":"2021-12-15T13:53:48","date_gmt":"2021-12-15T13:53:48","guid":{"rendered":"http:\/\/fabis-lederey.com\/?post_type=product&#038;p=7197"},"modified":"2022-03-01T08:06:45","modified_gmt":"2022-03-01T08:06:45","slug":"acavallo-steigbuegel-arena-alupro","status":"publish","type":"product","link":"http:\/\/fabis-lederey.com\/index.php\/produkt\/acavallo-steigbuegel-arena-alupro\/","title":{"rendered":"Acavallo &#8211; Steigb\u00fcgel Arena Alupro"},"content":{"rendered":"<p><strong>Steigb\u00fcgel ARENA ALUPRO, Acavallo<\/strong><\/p>\n<p>Leichtgewichtiger und gleichzeitig extrem stabiler Steigb\u00fcgel aus hochwertigem Aluminium, herausragend in Sicherheit und Design.<br \/>\nInnovativer Gelenkarm an der Au\u00dfenseite, der sich im Falle eines Sturzes \u00f6ffnet und so ein Verkanten des Fu\u00dfes im Steigb\u00fcgel verhindert.<br \/>\nSuper langlebige, fest verschraubte und extrabreite Trittfl\u00e4che aus Edelstahl f\u00fcr idealen Halt und Entlastung von H\u00fcfte, Knie, Fu\u00dfgelenke und Waden.<\/p>\n<p>Der neue Sicherheits-Steigb\u00fcgel Arena Alu Pro von Acavallo wurde mit hochqualitativen Materialien hergestellt. Der Bogen besteht aus hochwertigem Aluminium, der Gelenkarm aus einem speziellen Polyamidmaterial. Durch Spannung wird der einzigartige Sperr- und Freigabemechanismus zwischen dem unteren Ende des schwenkbaren Gelenkarms sowie der Trittfl\u00e4che bet\u00e4tigt. Nach dem Ausl\u00f6sen l\u00e4sst es sich mit einem Klick einfach wieder einrasten. Auch die Fu\u00dfauflage besteht aus hochwertigem Polyamid. Die Trittfl\u00e4che wurde aus rostfreiem Stahl gefertigt um h\u00f6chste Belastbarkeit, Pflegeleichtigkeit sowie Langlebigkeit zu gew\u00e4hrleisten. Der Einsatz flexibler Polymermaterialien und der besonderen Konstruktion vermittelt dem Reiter ein bequemeres Gef\u00fchl als konventionelle Produkte. Durch die einzigartige Federung sp\u00fcrt der Reiter eine deutliche Entlastung der Fu\u00dfsohle, des Kn\u00f6chels, der Knie sowie der H\u00fcfte. Optisch ist Arena ein echter Hingucker in vielen trendigen sowie knalligen Farben. Optimal geeignet f\u00fcr Reiter, welche unter orthop\u00e4dischen Problemen leiden oder einfach nur einen h\u00f6heren Komfort m\u00f6chten. Spezielle Federwirkung Einzigartiger Sperr- und Freigabemechanismus Entlastung der Fu\u00dfsohle, Kn\u00f6chel, Knie und H\u00fcfte.<\/p>\n<p><strong>Hochwertige Materialien:<\/strong><\/p>\n<ul>\n<li>Trittfl\u00e4che aus rostfreiem Stahl<\/li>\n<li>Material Bogen: Aluminium<\/li>\n<li>Gelenkarm aus einem speziellen Polyamidmaterial<\/li>\n<li>Fu\u00dfauflage: Polyamid<\/li>\n<li>Trittfl\u00e4che: rostfreier Stahl<\/li>\n<li>Trittbreite: 12 cm<\/li>\n<\/ul>\n","protected":false},"excerpt":{"rendered":"<p class=\"subline\">ACAVALLO Steigb\u00fcgel Arena Alupro<\/p>\n<h3 class=\"content-text\">2 St\u00fcck<\/h3>\n<ul class=\"content-list\">\n<li>Steigb\u00fcgel Arena Alupro von ACAVALLO<\/li>\n<li>Riffel-Trittfl\u00e4che aus rostfreiem Stahl<\/li>\n<li>deutliche Entlastung der Fu\u00dfsohlen, Kn\u00f6chel, Knie und H\u00fcften<\/li>\n<li>Gesamtma\u00dfe: ca. 17 cm (H\u00f6he) x 15 cm (Breite) x 6,5 cm (Tiefe)<\/li>\n<li>Ma\u00dfe Trittfl\u00e4che: ca. 2 cm (H\u00f6he) x 10 cm (Breite) x 6,5 cm (Tiefe)<\/li>\n<li>Farbe schwarz<\/li>\n<\/ul>\n","protected":false},"featured_media":0,"comment_status":"open","ping_status":"closed","template":"","meta":[],"product_brand":[],"product_cat":[44,82],"product_tag":[],"class_list":{"0":"post-7197","1":"product","2":"type-product","3":"status-publish","5":"product_cat-allproducts","6":"product_cat-steigbuegel-und-riemen","8":"first","9":"instock","10":"taxable","11":"shipping-taxable","12":"purchasable","13":"product-type-simple"},"yoast_head":"<!-- This site is optimized with the Yoast SEO plugin v27.3 - https:\/\/yoast.com\/product\/yoast-seo-wordpress\/ -->\n<title>Acavallo - Steigb\u00fcgel Arena Alupro - Fabis Lederey - Fabian Kempf<\/title>\n<meta name=\"robots\" content=\"index, follow, max-snippet:-1, max-image-preview:large, max-video-preview:-1\" \/>\n<link rel=\"canonical\" href=\"http:\/\/fabis-lederey.com\/index.php\/produkt\/acavallo-steigbuegel-arena-alupro\/\" \/>\n<meta property=\"og:locale\" content=\"de_DE\" \/>\n<meta property=\"og:type\" content=\"article\" \/>\n<meta property=\"og:title\" content=\"Acavallo - Steigb\u00fcgel Arena Alupro - Fabis Lederey - Fabian Kempf\" \/>\n<meta property=\"og:description\" content=\"ACAVALLO Steigb\u00fcgel Arena Alupro  2 St\u00fcck   Steigb\u00fcgel Arena Alupro von ACAVALLO  Riffel-Trittfl\u00e4che aus rostfreiem Stahl  deutliche Entlastung der Fu\u00dfsohlen, Kn\u00f6chel, Knie und H\u00fcften  Gesamtma\u00dfe: ca. 17 cm (H\u00f6he) x 15 cm (Breite) x 6,5 cm (Tiefe)  Ma\u00dfe Trittfl\u00e4che: ca. 2 cm (H\u00f6he) x 10 cm (Breite) x 6,5 cm (Tiefe)  Farbe schwarz\" \/>\n<meta property=\"og:url\" content=\"http:\/\/fabis-lederey.com\/index.php\/produkt\/acavallo-steigbuegel-arena-alupro\/\" \/>\n<meta property=\"og:site_name\" content=\"Fabis Lederey - Fabian Kempf\" \/>\n<meta property=\"article:modified_time\" content=\"2022-03-01T08:06:45+00:00\" \/>\n<meta name=\"twitter:card\" content=\"summary_large_image\" \/>\n<meta name=\"twitter:label1\" content=\"Gesch\u00e4tzte Lesezeit\" \/>\n\t<meta name=\"twitter:data1\" content=\"1\u00a0Minute\" \/>\n<script type=\"application\/ld+json\" class=\"yoast-schema-graph\">{\"@context\":\"https:\\\/\\\/schema.org\",\"@graph\":[{\"@type\":\"WebPage\",\"@id\":\"http:\\\/\\\/fabis-lederey.com\\\/index.php\\\/produkt\\\/acavallo-steigbuegel-arena-alupro\\\/\",\"url\":\"http:\\\/\\\/fabis-lederey.com\\\/index.php\\\/produkt\\\/acavallo-steigbuegel-arena-alupro\\\/\",\"name\":\"Acavallo - Steigb\u00fcgel Arena Alupro - Fabis Lederey - Fabian Kempf\",\"isPartOf\":{\"@id\":\"http:\\\/\\\/fabis-lederey.com\\\/#website\"},\"datePublished\":\"2021-12-15T13:53:48+00:00\",\"dateModified\":\"2022-03-01T08:06:45+00:00\",\"breadcrumb\":{\"@id\":\"http:\\\/\\\/fabis-lederey.com\\\/index.php\\\/produkt\\\/acavallo-steigbuegel-arena-alupro\\\/#breadcrumb\"},\"inLanguage\":\"de\",\"potentialAction\":[{\"@type\":\"ReadAction\",\"target\":[\"http:\\\/\\\/fabis-lederey.com\\\/index.php\\\/produkt\\\/acavallo-steigbuegel-arena-alupro\\\/\"]}]},{\"@type\":\"BreadcrumbList\",\"@id\":\"http:\\\/\\\/fabis-lederey.com\\\/index.php\\\/produkt\\\/acavallo-steigbuegel-arena-alupro\\\/#breadcrumb\",\"itemListElement\":[{\"@type\":\"ListItem\",\"position\":1,\"name\":\"Home\",\"item\":\"http:\\\/\\\/fabis-lederey.com\\\/\"},{\"@type\":\"ListItem\",\"position\":2,\"name\":\"Shop\",\"item\":\"http:\\\/\\\/fabis-lederey.com\\\/?page_id=7147\"},{\"@type\":\"ListItem\",\"position\":3,\"name\":\"Acavallo &#8211; Steigb\u00fcgel Arena Alupro\"}]},{\"@type\":\"WebSite\",\"@id\":\"http:\\\/\\\/fabis-lederey.com\\\/#website\",\"url\":\"http:\\\/\\\/fabis-lederey.com\\\/\",\"name\":\"Fabis Lederey - Fabian Kempf\",\"description\":\"Die Reitsportsattlerei und Ledermanufaktur in Pirmasens, S\u00fcdwestpfalz und im SaarLorLux-Kreis.\",\"potentialAction\":[{\"@type\":\"SearchAction\",\"target\":{\"@type\":\"EntryPoint\",\"urlTemplate\":\"http:\\\/\\\/fabis-lederey.com\\\/?s={search_term_string}\"},\"query-input\":{\"@type\":\"PropertyValueSpecification\",\"valueRequired\":true,\"valueName\":\"search_term_string\"}}],\"inLanguage\":\"de\"}]}<\/script>\n<!-- \/ Yoast SEO plugin. -->","yoast_head_json":{"title":"Acavallo - Steigb\u00fcgel Arena Alupro - Fabis Lederey - Fabian Kempf","robots":{"index":"index","follow":"follow","max-snippet":"max-snippet:-1","max-image-preview":"max-image-preview:large","max-video-preview":"max-video-preview:-1"},"canonical":"http:\/\/fabis-lederey.com\/index.php\/produkt\/acavallo-steigbuegel-arena-alupro\/","og_locale":"de_DE","og_type":"article","og_title":"Acavallo - Steigb\u00fcgel Arena Alupro - Fabis Lederey - Fabian Kempf","og_description":"ACAVALLO Steigb\u00fcgel Arena Alupro  2 St\u00fcck   Steigb\u00fcgel Arena Alupro von ACAVALLO  Riffel-Trittfl\u00e4che aus rostfreiem Stahl  deutliche Entlastung der Fu\u00dfsohlen, Kn\u00f6chel, Knie und H\u00fcften  Gesamtma\u00dfe: ca. 17 cm (H\u00f6he) x 15 cm (Breite) x 6,5 cm (Tiefe)  Ma\u00dfe Trittfl\u00e4che: ca. 2 cm (H\u00f6he) x 10 cm (Breite) x 6,5 cm (Tiefe)  Farbe schwarz","og_url":"http:\/\/fabis-lederey.com\/index.php\/produkt\/acavallo-steigbuegel-arena-alupro\/","og_site_name":"Fabis Lederey - Fabian Kempf","article_modified_time":"2022-03-01T08:06:45+00:00","twitter_card":"summary_large_image","twitter_misc":{"Gesch\u00e4tzte Lesezeit":"1\u00a0Minute"},"schema":{"@context":"https:\/\/schema.org","@graph":[{"@type":"WebPage","@id":"http:\/\/fabis-lederey.com\/index.php\/produkt\/acavallo-steigbuegel-arena-alupro\/","url":"http:\/\/fabis-lederey.com\/index.php\/produkt\/acavallo-steigbuegel-arena-alupro\/","name":"Acavallo - Steigb\u00fcgel Arena Alupro - Fabis Lederey - Fabian Kempf","isPartOf":{"@id":"http:\/\/fabis-lederey.com\/#website"},"datePublished":"2021-12-15T13:53:48+00:00","dateModified":"2022-03-01T08:06:45+00:00","breadcrumb":{"@id":"http:\/\/fabis-lederey.com\/index.php\/produkt\/acavallo-steigbuegel-arena-alupro\/#breadcrumb"},"inLanguage":"de","potentialAction":[{"@type":"ReadAction","target":["http:\/\/fabis-lederey.com\/index.php\/produkt\/acavallo-steigbuegel-arena-alupro\/"]}]},{"@type":"BreadcrumbList","@id":"http:\/\/fabis-lederey.com\/index.php\/produkt\/acavallo-steigbuegel-arena-alupro\/#breadcrumb","itemListElement":[{"@type":"ListItem","position":1,"name":"Home","item":"http:\/\/fabis-lederey.com\/"},{"@type":"ListItem","position":2,"name":"Shop","item":"http:\/\/fabis-lederey.com\/?page_id=7147"},{"@type":"ListItem","position":3,"name":"Acavallo &#8211; Steigb\u00fcgel Arena Alupro"}]},{"@type":"WebSite","@id":"http:\/\/fabis-lederey.com\/#website","url":"http:\/\/fabis-lederey.com\/","name":"Fabis Lederey - Fabian Kempf","description":"Die Reitsportsattlerei und Ledermanufaktur in Pirmasens, S\u00fcdwestpfalz und im SaarLorLux-Kreis.","potentialAction":[{"@type":"SearchAction","target":{"@type":"EntryPoint","urlTemplate":"http:\/\/fabis-lederey.com\/?s={search_term_string}"},"query-input":{"@type":"PropertyValueSpecification","valueRequired":true,"valueName":"search_term_string"}}],"inLanguage":"de"}]}},"_links":{"self":[{"href":"http:\/\/fabis-lederey.com\/index.php\/wp-json\/wp\/v2\/product\/7197","targetHints":{"allow":["GET"]}}],"collection":[{"href":"http:\/\/fabis-lederey.com\/index.php\/wp-json\/wp\/v2\/product"}],"about":[{"href":"http:\/\/fabis-lederey.com\/index.php\/wp-json\/wp\/v2\/types\/product"}],"replies":[{"embeddable":true,"href":"http:\/\/fabis-lederey.com\/index.php\/wp-json\/wp\/v2\/comments?post=7197"}],"wp:attachment":[{"href":"http:\/\/fabis-lederey.com\/index.php\/wp-json\/wp\/v2\/media?parent=7197"}],"wp:term":[{"taxonomy":"product_brand","embeddable":true,"href":"http:\/\/fabis-lederey.com\/index.php\/wp-json\/wp\/v2\/product_brand?post=7197"},{"taxonomy":"product_cat","embeddable":true,"href":"http:\/\/fabis-lederey.com\/index.php\/wp-json\/wp\/v2\/product_cat?post=7197"},{"taxonomy":"product_tag","embeddable":true,"href":"http:\/\/fabis-lederey.com\/index.php\/wp-json\/wp\/v2\/product_tag?post=7197"}],"curies":[{"name":"wp","href":"https:\/\/api.w.org\/{rel}","templated":true}]}}