{"id":7224,"date":"2021-12-23T08:51:34","date_gmt":"2021-12-23T08:51:34","guid":{"rendered":"http:\/\/fabis-lederey.com\/?post_type=product&#038;p=7224"},"modified":"2021-12-23T08:56:30","modified_gmt":"2021-12-23T08:56:30","slug":"equick-ekristal-stable-boots-aero-front-wb","status":"publish","type":"product","link":"http:\/\/fabis-lederey.com\/index.php\/produkt\/equick-ekristal-stable-boots-aero-front-wb\/","title":{"rendered":"eQuick &#8211; eKristal Stable Boots Aero Front, WB"},"content":{"rendered":"<div class=\"product--description\">\n<h2>eQuick Stallgamaschen Aero Front, Warmblut<\/h2>\n<p>Die Gamaschen Aero liegen ruhig am Pferdebein und verf\u00fcgen \u00fcber elastische B\u00e4nder um den Druck auf das Pferdebein zu regulieren. Die anatomische Form verhindert ein Abrutschen und verbessert die Sehnen-Kontrolle, um Schwellungen nach dem Training zu verhindern. Der Fesselkopf-Schutz (1) am hinteren Teil der Gamasche sorgt f\u00fcr eine h\u00f6here Verschlei\u00dffestigkeit und die L\u00e4nge des Innenpolsters wurde so konzipiert, dass der Kronrand (2) gesch\u00fctzt wird und diese Gamaschen somit zu einer idealen Alternative zu Bandagen werden, die ebenso einen ausgezeichneten Schutz beim Transport bieten. Die Stallgamasche AERO wurde so konzipiert, dass die praktischen und funktionellen Eigenschaften des Basismodells erhalten blieben und \u00fcber noch mehr Ventilation und Sauerstoffversorgung f\u00fcr das Pferdebein verf\u00fcgt, das durch das Bel\u00fcftungssystem an der R\u00fcckseite den Abtransport von &#8222;Hei\u00dfluft&#8220;, die sich zwischen Pferdebein und Gamasche entwickelt, beschleunigt.<\/p>\n<h3>Pflegehinweise<\/h3>\n<ul>\n<li>Handw\u00e4sche bei 30 \u00b0C<\/li>\n<\/ul>\n<\/div>\n","protected":false},"excerpt":{"rendered":"<header class=\"product--header\">\n<div class=\"product--info\">\n<h4 class=\"product--title fundis-font-title-h1\">eQuick Stallgamaschen Aero, vorne,\u00a0schwarz<\/h4>\n<div class=\"fundis-product-rating\">\n<div id=\"ts_product_widget_position_FR12366_2\">\n<ul>\n<li class=\"ts-rating-light ts-rating de_DE productreviewsSummary\">Sehnen-Kontrolle<\/li>\n<li class=\"ts-rating-light ts-rating de_DE productreviewsSummary\">Fesselkopf-und Kronrand Schutz<\/li>\n<li class=\"ts-rating-light ts-rating de_DE productreviewsSummary\">Optimales Bel\u00fcftungssystem<\/li>\n<\/ul>\n<\/div>\n<\/div>\n<\/div>\n<\/header>\n<div class=\"buybox--inner\">\n<div class=\"fundis-product-usp-properties\">\n<div class=\"fundis-product-usp-entry\"><\/div>\n<div class=\"fundis-product-usp-entry\"><\/div>\n<div class=\"fundis-product-usp-entry\"><\/div>\n<\/div>\n<\/div>\n","protected":false},"featured_media":0,"comment_status":"open","ping_status":"closed","template":"","meta":[],"product_brand":[],"product_cat":[44,66],"product_tag":[],"class_list":{"0":"post-7224","1":"product","2":"type-product","3":"status-publish","5":"product_cat-allproducts","6":"product_cat-bein-hufschutz","8":"first","9":"instock","10":"taxable","11":"shipping-taxable","12":"purchasable","13":"product-type-simple"},"yoast_head":"<!-- This site is optimized with the Yoast SEO plugin v27.5 - https:\/\/yoast.com\/product\/yoast-seo-wordpress\/ -->\n<title>eQuick - eKristal Stable Boots Aero Front, WB - Fabis Lederey - Fabian Kempf<\/title>\n<meta name=\"robots\" content=\"index, follow, max-snippet:-1, max-image-preview:large, max-video-preview:-1\" \/>\n<link rel=\"canonical\" href=\"http:\/\/fabis-lederey.com\/index.php\/produkt\/equick-ekristal-stable-boots-aero-front-wb\/\" \/>\n<meta property=\"og:locale\" content=\"de_DE\" \/>\n<meta property=\"og:type\" content=\"article\" \/>\n<meta property=\"og:title\" content=\"eQuick - eKristal Stable Boots Aero Front, WB - Fabis Lederey - Fabian Kempf\" \/>\n<meta property=\"og:description\" content=\"eQuick Stallgamaschen Aero, vorne,\u00a0schwarz     Sehnen-Kontrolle  Fesselkopf-und Kronrand Schutz  Optimales Bel\u00fcftungssystem\" \/>\n<meta property=\"og:url\" content=\"http:\/\/fabis-lederey.com\/index.php\/produkt\/equick-ekristal-stable-boots-aero-front-wb\/\" \/>\n<meta property=\"og:site_name\" content=\"Fabis Lederey - Fabian Kempf\" \/>\n<meta property=\"article:modified_time\" content=\"2021-12-23T08:56:30+00:00\" \/>\n<meta name=\"twitter:card\" content=\"summary_large_image\" \/>\n<meta name=\"twitter:label1\" content=\"Gesch\u00e4tzte Lesezeit\" \/>\n\t<meta name=\"twitter:data1\" content=\"1\u00a0Minute\" \/>\n<script type=\"application\/ld+json\" class=\"yoast-schema-graph\">{\"@context\":\"https:\\\/\\\/schema.org\",\"@graph\":[{\"@type\":\"WebPage\",\"@id\":\"http:\\\/\\\/fabis-lederey.com\\\/index.php\\\/produkt\\\/equick-ekristal-stable-boots-aero-front-wb\\\/\",\"url\":\"http:\\\/\\\/fabis-lederey.com\\\/index.php\\\/produkt\\\/equick-ekristal-stable-boots-aero-front-wb\\\/\",\"name\":\"eQuick - eKristal Stable Boots Aero Front, WB - Fabis Lederey - Fabian Kempf\",\"isPartOf\":{\"@id\":\"https:\\\/\\\/fabis-lederey.com\\\/#website\"},\"datePublished\":\"2021-12-23T08:51:34+00:00\",\"dateModified\":\"2021-12-23T08:56:30+00:00\",\"breadcrumb\":{\"@id\":\"http:\\\/\\\/fabis-lederey.com\\\/index.php\\\/produkt\\\/equick-ekristal-stable-boots-aero-front-wb\\\/#breadcrumb\"},\"inLanguage\":\"de\",\"potentialAction\":[{\"@type\":\"ReadAction\",\"target\":[\"http:\\\/\\\/fabis-lederey.com\\\/index.php\\\/produkt\\\/equick-ekristal-stable-boots-aero-front-wb\\\/\"]}]},{\"@type\":\"BreadcrumbList\",\"@id\":\"http:\\\/\\\/fabis-lederey.com\\\/index.php\\\/produkt\\\/equick-ekristal-stable-boots-aero-front-wb\\\/#breadcrumb\",\"itemListElement\":[{\"@type\":\"ListItem\",\"position\":1,\"name\":\"Home\",\"item\":\"http:\\\/\\\/fabis-lederey.com\\\/\"},{\"@type\":\"ListItem\",\"position\":2,\"name\":\"Shop\",\"item\":\"http:\\\/\\\/fabis-lederey.com\\\/?page_id=7147\"},{\"@type\":\"ListItem\",\"position\":3,\"name\":\"eQuick &#8211; eKristal Stable Boots Aero Front, WB\"}]},{\"@type\":\"WebSite\",\"@id\":\"https:\\\/\\\/fabis-lederey.com\\\/#website\",\"url\":\"https:\\\/\\\/fabis-lederey.com\\\/\",\"name\":\"Fabis Lederey - Fabian Kempf\",\"description\":\"Die Reitsportsattlerei und Ledermanufaktur in Pirmasens, S\u00fcdwestpfalz und im SaarLorLux-Kreis.\",\"potentialAction\":[{\"@type\":\"SearchAction\",\"target\":{\"@type\":\"EntryPoint\",\"urlTemplate\":\"https:\\\/\\\/fabis-lederey.com\\\/?s={search_term_string}\"},\"query-input\":{\"@type\":\"PropertyValueSpecification\",\"valueRequired\":true,\"valueName\":\"search_term_string\"}}],\"inLanguage\":\"de\"}]}<\/script>\n<!-- \/ Yoast SEO plugin. -->","yoast_head_json":{"title":"eQuick - eKristal Stable Boots Aero Front, WB - Fabis Lederey - Fabian Kempf","robots":{"index":"index","follow":"follow","max-snippet":"max-snippet:-1","max-image-preview":"max-image-preview:large","max-video-preview":"max-video-preview:-1"},"canonical":"http:\/\/fabis-lederey.com\/index.php\/produkt\/equick-ekristal-stable-boots-aero-front-wb\/","og_locale":"de_DE","og_type":"article","og_title":"eQuick - eKristal Stable Boots Aero Front, WB - Fabis Lederey - Fabian Kempf","og_description":"eQuick Stallgamaschen Aero, vorne,\u00a0schwarz     Sehnen-Kontrolle  Fesselkopf-und Kronrand Schutz  Optimales Bel\u00fcftungssystem","og_url":"http:\/\/fabis-lederey.com\/index.php\/produkt\/equick-ekristal-stable-boots-aero-front-wb\/","og_site_name":"Fabis Lederey - Fabian Kempf","article_modified_time":"2021-12-23T08:56:30+00:00","twitter_card":"summary_large_image","twitter_misc":{"Gesch\u00e4tzte Lesezeit":"1\u00a0Minute"},"schema":{"@context":"https:\/\/schema.org","@graph":[{"@type":"WebPage","@id":"http:\/\/fabis-lederey.com\/index.php\/produkt\/equick-ekristal-stable-boots-aero-front-wb\/","url":"http:\/\/fabis-lederey.com\/index.php\/produkt\/equick-ekristal-stable-boots-aero-front-wb\/","name":"eQuick - eKristal Stable Boots Aero Front, WB - Fabis Lederey - Fabian Kempf","isPartOf":{"@id":"https:\/\/fabis-lederey.com\/#website"},"datePublished":"2021-12-23T08:51:34+00:00","dateModified":"2021-12-23T08:56:30+00:00","breadcrumb":{"@id":"http:\/\/fabis-lederey.com\/index.php\/produkt\/equick-ekristal-stable-boots-aero-front-wb\/#breadcrumb"},"inLanguage":"de","potentialAction":[{"@type":"ReadAction","target":["http:\/\/fabis-lederey.com\/index.php\/produkt\/equick-ekristal-stable-boots-aero-front-wb\/"]}]},{"@type":"BreadcrumbList","@id":"http:\/\/fabis-lederey.com\/index.php\/produkt\/equick-ekristal-stable-boots-aero-front-wb\/#breadcrumb","itemListElement":[{"@type":"ListItem","position":1,"name":"Home","item":"http:\/\/fabis-lederey.com\/"},{"@type":"ListItem","position":2,"name":"Shop","item":"http:\/\/fabis-lederey.com\/?page_id=7147"},{"@type":"ListItem","position":3,"name":"eQuick &#8211; eKristal Stable Boots Aero Front, WB"}]},{"@type":"WebSite","@id":"https:\/\/fabis-lederey.com\/#website","url":"https:\/\/fabis-lederey.com\/","name":"Fabis Lederey - Fabian Kempf","description":"Die Reitsportsattlerei und Ledermanufaktur in Pirmasens, S\u00fcdwestpfalz und im SaarLorLux-Kreis.","potentialAction":[{"@type":"SearchAction","target":{"@type":"EntryPoint","urlTemplate":"https:\/\/fabis-lederey.com\/?s={search_term_string}"},"query-input":{"@type":"PropertyValueSpecification","valueRequired":true,"valueName":"search_term_string"}}],"inLanguage":"de"}]}},"_links":{"self":[{"href":"http:\/\/fabis-lederey.com\/index.php\/wp-json\/wp\/v2\/product\/7224","targetHints":{"allow":["GET"]}}],"collection":[{"href":"http:\/\/fabis-lederey.com\/index.php\/wp-json\/wp\/v2\/product"}],"about":[{"href":"http:\/\/fabis-lederey.com\/index.php\/wp-json\/wp\/v2\/types\/product"}],"replies":[{"embeddable":true,"href":"http:\/\/fabis-lederey.com\/index.php\/wp-json\/wp\/v2\/comments?post=7224"}],"wp:attachment":[{"href":"http:\/\/fabis-lederey.com\/index.php\/wp-json\/wp\/v2\/media?parent=7224"}],"wp:term":[{"taxonomy":"product_brand","embeddable":true,"href":"http:\/\/fabis-lederey.com\/index.php\/wp-json\/wp\/v2\/product_brand?post=7224"},{"taxonomy":"product_cat","embeddable":true,"href":"http:\/\/fabis-lederey.com\/index.php\/wp-json\/wp\/v2\/product_cat?post=7224"},{"taxonomy":"product_tag","embeddable":true,"href":"http:\/\/fabis-lederey.com\/index.php\/wp-json\/wp\/v2\/product_tag?post=7224"}],"curies":[{"name":"wp","href":"https:\/\/api.w.org\/{rel}","templated":true}]}}

<div class="product--description">
<h2>eQuick Stallgamaschen Aero Front, Warmblut</h2>
<p>Die Gamaschen Aero liegen ruhig am Pferdebein und verfügen über elastische Bänder um den Druck auf das Pferdebein zu regulieren. Die anatomische Form verhindert ein Abrutschen und verbessert die Sehnen-Kontrolle, um Schwellungen nach dem Training zu verhindern. Der Fesselkopf-Schutz (1) am hinteren Teil der Gamasche sorgt für eine höhere Verschleißfestigkeit und die Länge des Innenpolsters wurde so konzipiert, dass der Kronrand (2) geschützt wird und diese Gamaschen somit zu einer idealen Alternative zu Bandagen werden, die ebenso einen ausgezeichneten Schutz beim Transport bieten. Die Stallgamasche AERO wurde so konzipiert, dass die praktischen und funktionellen Eigenschaften des Basismodells erhalten blieben und über noch mehr Ventilation und Sauerstoffversorgung für das Pferdebein verfügt, das durch das Belüftungssystem an der Rückseite den Abtransport von &#8222;Heißluft&#8220;, die sich zwischen Pferdebein und Gamasche entwickelt, beschleunigt.</p>
<h3>Pflegehinweise</h3>
<ul>
<li>Handwäsche bei 30 °C</li>
</ul>
</div>

<header class="product--header">
<div class="product--info">
<h4 class="product--title fundis-font-title-h1">eQuick Stallgamaschen Aero, vorne, schwarz</h4>
<div class="fundis-product-rating">
<div id="ts_product_widget_position_FR12366_2">
<ul>
<li class="ts-rating-light ts-rating de_DE productreviewsSummary">Sehnen-Kontrolle</li>
<li class="ts-rating-light ts-rating de_DE productreviewsSummary">Fesselkopf-und Kronrand Schutz</li>
<li class="ts-rating-light ts-rating de_DE productreviewsSummary">Optimales Belüftungssystem</li>
</ul>
</div>
</div>
</div>
</header>
<div class="buybox--inner">
<div class="fundis-product-usp-properties">
<div class="fundis-product-usp-entry"></div>
<div class="fundis-product-usp-entry"></div>
<div class="fundis-product-usp-entry"></div>
</div>
</div>

<!-- This site is optimized with the Yoast SEO plugin v27.5 - https://yoast.com/product/yoast-seo-wordpress/ -->
<title>eQuick - eKristal Stable Boots Aero Front, WB - Fabis Lederey - Fabian Kempf</title>
<meta name="robots" content="index, follow, max-snippet:-1, max-image-preview:large, max-video-preview:-1" />
<link rel="canonical" href="http://fabis-lederey.com/index.php/produkt/equick-ekristal-stable-boots-aero-front-wb/" />
<meta property="og:locale" content="de_DE" />
<meta property="og:type" content="article" />
<meta property="og:title" content="eQuick - eKristal Stable Boots Aero Front, WB - Fabis Lederey - Fabian Kempf" />
<meta property="og:description" content="eQuick Stallgamaschen Aero, vorne, schwarz     Sehnen-Kontrolle  Fesselkopf-und Kronrand Schutz  Optimales Belüftungssystem" />
<meta property="og:url" content="http://fabis-lederey.com/index.php/produkt/equick-ekristal-stable-boots-aero-front-wb/" />
<meta property="og:site_name" content="Fabis Lederey - Fabian Kempf" />
<meta property="article:modified_time" content="2021-12-23T08:56:30+00:00" />
<meta name="twitter:card" content="summary_large_image" />
<meta name="twitter:label1" content="Geschätzte Lesezeit" />
	<meta name="twitter:data1" content="1 Minute" />
<script type="application/ld+json" class="yoast-schema-graph">{"@context":"https:\/\/schema.org","@graph":[{"@type":"WebPage","@id":"http:\/\/fabis-lederey.com\/index.php\/produkt\/equick-ekristal-stable-boots-aero-front-wb\/","url":"http:\/\/fabis-lederey.com\/index.php\/produkt\/equick-ekristal-stable-boots-aero-front-wb\/","name":"eQuick - eKristal Stable Boots Aero Front, WB - Fabis Lederey - Fabian Kempf","isPartOf":{"@id":"https:\/\/fabis-lederey.com\/#website"},"datePublished":"2021-12-23T08:51:34+00:00","dateModified":"2021-12-23T08:56:30+00:00","breadcrumb":{"@id":"http:\/\/fabis-lederey.com\/index.php\/produkt\/equick-ekristal-stable-boots-aero-front-wb\/#breadcrumb"},"inLanguage":"de","potentialAction":[{"@type":"ReadAction","target":["http:\/\/fabis-lederey.com\/index.php\/produkt\/equick-ekristal-stable-boots-aero-front-wb\/"]}]},{"@type":"BreadcrumbList","@id":"http:\/\/fabis-lederey.com\/index.php\/produkt\/equick-ekristal-stable-boots-aero-front-wb\/#breadcrumb","itemListElement":[{"@type":"ListItem","position":1,"name":"Home","item":"http:\/\/fabis-lederey.com\/"},{"@type":"ListItem","position":2,"name":"Shop","item":"http:\/\/fabis-lederey.com\/?page_id=7147"},{"@type":"ListItem","position":3,"name":"eQuick &#8211; eKristal Stable Boots Aero Front, WB"}]},{"@type":"WebSite","@id":"https:\/\/fabis-lederey.com\/#website","url":"https:\/\/fabis-lederey.com\/","name":"Fabis Lederey - Fabian Kempf","description":"Die Reitsportsattlerei und Ledermanufaktur in Pirmasens, Südwestpfalz und im SaarLorLux-Kreis.","potentialAction":[{"@type":"SearchAction","target":{"@type":"EntryPoint","urlTemplate":"https:\/\/fabis-lederey.com\/?s={search_term_string}"},"query-input":{"@type":"PropertyValueSpecification","valueRequired":true,"valueName":"search_term_string"}}],"inLanguage":"de"}]}</script>
<!-- / Yoast SEO plugin. -->

eQuick Stallgamaschen Aero, vorne, schwarz     Sehnen-Kontrolle  Fesselkopf-und Kronrand Schutz  Optimales Belüftungssystem

Die Reitsportsattlerei und Ledermanufaktur in Pirmasens, Südwestpfalz und im SaarLorLux-Kreis.
