{"id":7377,"date":"2022-01-17T15:17:53","date_gmt":"2022-01-17T15:17:53","guid":{"rendered":"http:\/\/fabis-lederey.com\/?post_type=product&#038;p=7377"},"modified":"2022-01-17T15:23:08","modified_gmt":"2022-01-17T15:23:08","slug":"effol-hufstrahl-vital-2x30ml","status":"publish","type":"product","link":"http:\/\/fabis-lederey.com\/index.php\/produkt\/effol-hufstrahl-vital-2x30ml\/","title":{"rendered":"Effol &#8211; Hufstrahl Vital 2x30ml"},"content":{"rendered":"<h2><strong>Effol Hufstrahl-Vital<\/strong><\/h2>\n<p>Gesunder Hufstrahl, aber nat\u00fcrlich. Speziell entwickelte Heilkur gegen Hufstrahlf\u00e4ule bzw. angegriffene und empfindliche Hufsohlen. Glycerin, Arnika- und Lorbeer\u00f6l, Thymol sowie Menthol und Methylsalicylate pflegen und sorgen f\u00fcr Elastizit\u00e4t. Die Garantie: Bereits nach zwei Anwendungen kann der Hufschmied den Strahl wieder ausschneiden.<\/p>\n<p><strong>Enth\u00e4lt:<\/strong> Arnika, Lorbeer\u00f6l und Thymol<\/p>\n","protected":false},"excerpt":{"rendered":"<div class=\"product-headline text-center\">\n<h4 class=\"product--title\">Effol &#8211; Hufstrahl Vital 2x30ml<\/h4>\n<div class=\"short-description\">\n<ul>\n<li>F\u00fcr einen gesunden Hufstrahl<\/li>\n<li>Nat\u00fcrliche Inhaltsstoffe<\/li>\n<li>Pflegt und sorgt f\u00fcr Elastizit\u00e4t<\/li>\n<li>Bereits zwei Anwendungen sind ausreichend<\/li>\n<\/ul>\n<\/div>\n<\/div>\n","protected":false},"featured_media":0,"comment_status":"open","ping_status":"closed","template":"","meta":[],"product_brand":[],"product_cat":[44,72],"product_tag":[],"class_list":{"0":"post-7377","1":"product","2":"type-product","3":"status-publish","5":"product_cat-allproducts","6":"product_cat-hufpflege","8":"first","9":"instock","10":"taxable","11":"shipping-taxable","12":"purchasable","13":"product-type-simple"},"yoast_head":"<!-- This site is optimized with the Yoast SEO plugin v27.5 - https:\/\/yoast.com\/product\/yoast-seo-wordpress\/ -->\n<title>Effol - Hufstrahl Vital 2x30ml - Fabis Lederey - Fabian Kempf<\/title>\n<meta name=\"robots\" content=\"index, follow, max-snippet:-1, max-image-preview:large, max-video-preview:-1\" \/>\n<link rel=\"canonical\" href=\"http:\/\/fabis-lederey.com\/index.php\/produkt\/effol-hufstrahl-vital-2x30ml\/\" \/>\n<meta property=\"og:locale\" content=\"de_DE\" \/>\n<meta property=\"og:type\" content=\"article\" \/>\n<meta property=\"og:title\" content=\"Effol - Hufstrahl Vital 2x30ml - Fabis Lederey - Fabian Kempf\" \/>\n<meta property=\"og:description\" content=\"Effol - Hufstrahl Vital 2x30ml    F\u00fcr einen gesunden Hufstrahl  Nat\u00fcrliche Inhaltsstoffe  Pflegt und sorgt f\u00fcr Elastizit\u00e4t  Bereits zwei Anwendungen sind ausreichend\" \/>\n<meta property=\"og:url\" content=\"http:\/\/fabis-lederey.com\/index.php\/produkt\/effol-hufstrahl-vital-2x30ml\/\" \/>\n<meta property=\"og:site_name\" content=\"Fabis Lederey - Fabian Kempf\" \/>\n<meta property=\"article:modified_time\" content=\"2022-01-17T15:23:08+00:00\" \/>\n<meta name=\"twitter:card\" content=\"summary_large_image\" \/>\n<meta name=\"twitter:label1\" content=\"Gesch\u00e4tzte Lesezeit\" \/>\n\t<meta name=\"twitter:data1\" content=\"1\u00a0Minute\" \/>\n<script type=\"application\/ld+json\" class=\"yoast-schema-graph\">{\"@context\":\"https:\\\/\\\/schema.org\",\"@graph\":[{\"@type\":\"WebPage\",\"@id\":\"http:\\\/\\\/fabis-lederey.com\\\/index.php\\\/produkt\\\/effol-hufstrahl-vital-2x30ml\\\/\",\"url\":\"http:\\\/\\\/fabis-lederey.com\\\/index.php\\\/produkt\\\/effol-hufstrahl-vital-2x30ml\\\/\",\"name\":\"Effol - Hufstrahl Vital 2x30ml - Fabis Lederey - Fabian Kempf\",\"isPartOf\":{\"@id\":\"http:\\\/\\\/fabis-lederey.com\\\/#website\"},\"datePublished\":\"2022-01-17T15:17:53+00:00\",\"dateModified\":\"2022-01-17T15:23:08+00:00\",\"breadcrumb\":{\"@id\":\"http:\\\/\\\/fabis-lederey.com\\\/index.php\\\/produkt\\\/effol-hufstrahl-vital-2x30ml\\\/#breadcrumb\"},\"inLanguage\":\"de\",\"potentialAction\":[{\"@type\":\"ReadAction\",\"target\":[\"http:\\\/\\\/fabis-lederey.com\\\/index.php\\\/produkt\\\/effol-hufstrahl-vital-2x30ml\\\/\"]}]},{\"@type\":\"BreadcrumbList\",\"@id\":\"http:\\\/\\\/fabis-lederey.com\\\/index.php\\\/produkt\\\/effol-hufstrahl-vital-2x30ml\\\/#breadcrumb\",\"itemListElement\":[{\"@type\":\"ListItem\",\"position\":1,\"name\":\"Home\",\"item\":\"https:\\\/\\\/fabis-lederey.com\\\/\"},{\"@type\":\"ListItem\",\"position\":2,\"name\":\"Shop\",\"item\":\"https:\\\/\\\/fabis-lederey.com\\\/?page_id=7147\"},{\"@type\":\"ListItem\",\"position\":3,\"name\":\"Effol &#8211; Hufstrahl Vital 2x30ml\"}]},{\"@type\":\"WebSite\",\"@id\":\"http:\\\/\\\/fabis-lederey.com\\\/#website\",\"url\":\"http:\\\/\\\/fabis-lederey.com\\\/\",\"name\":\"Fabis Lederey - Fabian Kempf\",\"description\":\"Die Reitsportsattlerei und Ledermanufaktur in Pirmasens, S\u00fcdwestpfalz und im SaarLorLux-Kreis.\",\"potentialAction\":[{\"@type\":\"SearchAction\",\"target\":{\"@type\":\"EntryPoint\",\"urlTemplate\":\"http:\\\/\\\/fabis-lederey.com\\\/?s={search_term_string}\"},\"query-input\":{\"@type\":\"PropertyValueSpecification\",\"valueRequired\":true,\"valueName\":\"search_term_string\"}}],\"inLanguage\":\"de\"}]}<\/script>\n<!-- \/ Yoast SEO plugin. -->","yoast_head_json":{"title":"Effol - Hufstrahl Vital 2x30ml - Fabis Lederey - Fabian Kempf","robots":{"index":"index","follow":"follow","max-snippet":"max-snippet:-1","max-image-preview":"max-image-preview:large","max-video-preview":"max-video-preview:-1"},"canonical":"http:\/\/fabis-lederey.com\/index.php\/produkt\/effol-hufstrahl-vital-2x30ml\/","og_locale":"de_DE","og_type":"article","og_title":"Effol - Hufstrahl Vital 2x30ml - Fabis Lederey - Fabian Kempf","og_description":"Effol - Hufstrahl Vital 2x30ml    F\u00fcr einen gesunden Hufstrahl  Nat\u00fcrliche Inhaltsstoffe  Pflegt und sorgt f\u00fcr Elastizit\u00e4t  Bereits zwei Anwendungen sind ausreichend","og_url":"http:\/\/fabis-lederey.com\/index.php\/produkt\/effol-hufstrahl-vital-2x30ml\/","og_site_name":"Fabis Lederey - Fabian Kempf","article_modified_time":"2022-01-17T15:23:08+00:00","twitter_card":"summary_large_image","twitter_misc":{"Gesch\u00e4tzte Lesezeit":"1\u00a0Minute"},"schema":{"@context":"https:\/\/schema.org","@graph":[{"@type":"WebPage","@id":"http:\/\/fabis-lederey.com\/index.php\/produkt\/effol-hufstrahl-vital-2x30ml\/","url":"http:\/\/fabis-lederey.com\/index.php\/produkt\/effol-hufstrahl-vital-2x30ml\/","name":"Effol - Hufstrahl Vital 2x30ml - Fabis Lederey - Fabian Kempf","isPartOf":{"@id":"http:\/\/fabis-lederey.com\/#website"},"datePublished":"2022-01-17T15:17:53+00:00","dateModified":"2022-01-17T15:23:08+00:00","breadcrumb":{"@id":"http:\/\/fabis-lederey.com\/index.php\/produkt\/effol-hufstrahl-vital-2x30ml\/#breadcrumb"},"inLanguage":"de","potentialAction":[{"@type":"ReadAction","target":["http:\/\/fabis-lederey.com\/index.php\/produkt\/effol-hufstrahl-vital-2x30ml\/"]}]},{"@type":"BreadcrumbList","@id":"http:\/\/fabis-lederey.com\/index.php\/produkt\/effol-hufstrahl-vital-2x30ml\/#breadcrumb","itemListElement":[{"@type":"ListItem","position":1,"name":"Home","item":"https:\/\/fabis-lederey.com\/"},{"@type":"ListItem","position":2,"name":"Shop","item":"https:\/\/fabis-lederey.com\/?page_id=7147"},{"@type":"ListItem","position":3,"name":"Effol &#8211; Hufstrahl Vital 2x30ml"}]},{"@type":"WebSite","@id":"http:\/\/fabis-lederey.com\/#website","url":"http:\/\/fabis-lederey.com\/","name":"Fabis Lederey - Fabian Kempf","description":"Die Reitsportsattlerei und Ledermanufaktur in Pirmasens, S\u00fcdwestpfalz und im SaarLorLux-Kreis.","potentialAction":[{"@type":"SearchAction","target":{"@type":"EntryPoint","urlTemplate":"http:\/\/fabis-lederey.com\/?s={search_term_string}"},"query-input":{"@type":"PropertyValueSpecification","valueRequired":true,"valueName":"search_term_string"}}],"inLanguage":"de"}]}},"_links":{"self":[{"href":"http:\/\/fabis-lederey.com\/index.php\/wp-json\/wp\/v2\/product\/7377","targetHints":{"allow":["GET"]}}],"collection":[{"href":"http:\/\/fabis-lederey.com\/index.php\/wp-json\/wp\/v2\/product"}],"about":[{"href":"http:\/\/fabis-lederey.com\/index.php\/wp-json\/wp\/v2\/types\/product"}],"replies":[{"embeddable":true,"href":"http:\/\/fabis-lederey.com\/index.php\/wp-json\/wp\/v2\/comments?post=7377"}],"wp:attachment":[{"href":"http:\/\/fabis-lederey.com\/index.php\/wp-json\/wp\/v2\/media?parent=7377"}],"wp:term":[{"taxonomy":"product_brand","embeddable":true,"href":"http:\/\/fabis-lederey.com\/index.php\/wp-json\/wp\/v2\/product_brand?post=7377"},{"taxonomy":"product_cat","embeddable":true,"href":"http:\/\/fabis-lederey.com\/index.php\/wp-json\/wp\/v2\/product_cat?post=7377"},{"taxonomy":"product_tag","embeddable":true,"href":"http:\/\/fabis-lederey.com\/index.php\/wp-json\/wp\/v2\/product_tag?post=7377"}],"curies":[{"name":"wp","href":"https:\/\/api.w.org\/{rel}","templated":true}]}}