{"id":7447,"date":"2022-01-18T12:35:34","date_gmt":"2022-01-18T12:35:34","guid":{"rendered":"http:\/\/fabis-lederey.com\/?post_type=product&#038;p=7447"},"modified":"2022-01-20T11:21:30","modified_gmt":"2022-01-20T11:21:30","slug":"kerbl-equilastic-selbsthaftende-bandage","status":"publish","type":"product","link":"http:\/\/fabis-lederey.com\/index.php\/produkt\/kerbl-equilastic-selbsthaftende-bandage\/","title":{"rendered":"Kerbl &#8211; Equilastic selbsthaftende Bandage"},"content":{"rendered":"<div class=\"product--description\">\n<div class=\"col-12 col-md-7\">\n<div class=\"product--description\">\n<div class=\"product--description\">\n<div class=\"product--description\">\n<h2>Kerbl selbsthaftende Bandage EquiLastic<\/h2>\n<p>&nbsp;<\/p>\n<p>Die Bandage EquiLastic von Kerbl ist eine besonders hochelastische und selbsthaftende Ganzjahresbandage f\u00fcr verschiedene Arten von Verb\u00e4nden. Diese Bandage garantiert selbst an schwierigen Stellen ein schnelles und einfaches Anlegen von St\u00fctzverb\u00e4nden und weiteren Verbandsarten. Sie ist l\u00e4ngsrei\u00dffest und kann zugleich quer besonders leicht abgerissen werden. Das spezielle Material bleibt nur an sich selbst kleben und nicht an den Pferdehaaren, damit sorgt diese Bandage f\u00fcr einen angenehmen Tragekomfort und eine gute Handhabung.<\/p>\n<h3>Eigenschaften<\/h3>\n<ul>\n<li>hochelastische und selbsthaftende Bandage<\/li>\n<li>das Material ist l\u00e4ngsrei\u00dffest und quer leicht von Hand abrei\u00dfbar<\/li>\n<li>f\u00fcr St\u00fctzverb\u00e4nde und weitere Arten von Verb\u00e4nden<\/li>\n<li>Farbauswahl zuf\u00e4llig<\/li>\n<\/ul>\n<\/div>\n<\/div>\n<\/div>\n<\/div>\n<\/div>\n","protected":false},"excerpt":{"rendered":"<header class=\"product--header\">\n<div class=\"product--info\">\n<h4 class=\"product--title fundis-font-title-h1\">Kerbl Bandage EquiLastic selbsthaftend<\/h4>\n<\/div>\n<\/header>\n<div class=\"buybox--inner\">\n<div class=\"fundis-product-usp-properties\">\n<div class=\"fundis-product-usp-entry\">\n<p>&nbsp;<\/p>\n<ul>\n<li class=\"fundis-product-usp-entry-text\">selbsthaftende Bandage<\/li>\n<li class=\"fundis-product-usp-entry-text\">klebt nicht an Haaren<\/li>\n<li class=\"fundis-product-usp-entry-text\">f\u00fcr unterschiedliche Verb\u00e4nde<\/li>\n<li>Farbwahl zuf\u00e4llig<\/li>\n<\/ul>\n<\/div>\n<\/div>\n<\/div>\n","protected":false},"featured_media":0,"comment_status":"open","ping_status":"closed","template":"","meta":[],"product_brand":[],"product_cat":[44,81],"product_tag":[],"class_list":{"0":"post-7447","1":"product","2":"type-product","3":"status-publish","5":"product_cat-allproducts","6":"product_cat-stallapotheke-1-hilfe","7":"pa_breite-10cm","8":"pa_breite-5cm","9":"pa_breite-75cm","11":"first","12":"instock","13":"taxable","14":"shipping-taxable","15":"purchasable","16":"product-type-variable"},"yoast_head":"<!-- This site is optimized with the Yoast SEO plugin v27.5 - https:\/\/yoast.com\/product\/yoast-seo-wordpress\/ -->\n<title>Kerbl - Equilastic selbsthaftende Bandage - Fabis Lederey - Fabian Kempf<\/title>\n<meta name=\"robots\" content=\"index, follow, max-snippet:-1, max-image-preview:large, max-video-preview:-1\" \/>\n<link rel=\"canonical\" href=\"http:\/\/fabis-lederey.com\/index.php\/produkt\/kerbl-equilastic-selbsthaftende-bandage\/\" \/>\n<meta property=\"og:locale\" content=\"de_DE\" \/>\n<meta property=\"og:type\" content=\"article\" \/>\n<meta property=\"og:title\" content=\"Kerbl - Equilastic selbsthaftende Bandage - Fabis Lederey - Fabian Kempf\" \/>\n<meta property=\"og:description\" content=\"Kerbl Bandage EquiLastic selbsthaftend       &nbsp;   selbsthaftende Bandage  klebt nicht an Haaren  f\u00fcr unterschiedliche Verb\u00e4nde  Farbwahl zuf\u00e4llig\" \/>\n<meta property=\"og:url\" content=\"http:\/\/fabis-lederey.com\/index.php\/produkt\/kerbl-equilastic-selbsthaftende-bandage\/\" \/>\n<meta property=\"og:site_name\" content=\"Fabis Lederey - Fabian Kempf\" \/>\n<meta property=\"article:modified_time\" content=\"2022-01-20T11:21:30+00:00\" \/>\n<meta name=\"twitter:card\" content=\"summary_large_image\" \/>\n<meta name=\"twitter:label1\" content=\"Gesch\u00e4tzte Lesezeit\" \/>\n\t<meta name=\"twitter:data1\" content=\"1\u00a0Minute\" \/>\n<script type=\"application\/ld+json\" class=\"yoast-schema-graph\">{\"@context\":\"https:\\\/\\\/schema.org\",\"@graph\":[{\"@type\":\"WebPage\",\"@id\":\"http:\\\/\\\/fabis-lederey.com\\\/index.php\\\/produkt\\\/kerbl-equilastic-selbsthaftende-bandage\\\/\",\"url\":\"http:\\\/\\\/fabis-lederey.com\\\/index.php\\\/produkt\\\/kerbl-equilastic-selbsthaftende-bandage\\\/\",\"name\":\"Kerbl - Equilastic selbsthaftende Bandage - Fabis Lederey - Fabian Kempf\",\"isPartOf\":{\"@id\":\"https:\\\/\\\/fabis-lederey.com\\\/#website\"},\"datePublished\":\"2022-01-18T12:35:34+00:00\",\"dateModified\":\"2022-01-20T11:21:30+00:00\",\"breadcrumb\":{\"@id\":\"http:\\\/\\\/fabis-lederey.com\\\/index.php\\\/produkt\\\/kerbl-equilastic-selbsthaftende-bandage\\\/#breadcrumb\"},\"inLanguage\":\"de\",\"potentialAction\":[{\"@type\":\"ReadAction\",\"target\":[\"http:\\\/\\\/fabis-lederey.com\\\/index.php\\\/produkt\\\/kerbl-equilastic-selbsthaftende-bandage\\\/\"]}]},{\"@type\":\"BreadcrumbList\",\"@id\":\"http:\\\/\\\/fabis-lederey.com\\\/index.php\\\/produkt\\\/kerbl-equilastic-selbsthaftende-bandage\\\/#breadcrumb\",\"itemListElement\":[{\"@type\":\"ListItem\",\"position\":1,\"name\":\"Home\",\"item\":\"http:\\\/\\\/fabis-lederey.com\\\/\"},{\"@type\":\"ListItem\",\"position\":2,\"name\":\"Shop\",\"item\":\"http:\\\/\\\/fabis-lederey.com\\\/?page_id=7147\"},{\"@type\":\"ListItem\",\"position\":3,\"name\":\"Kerbl &#8211; Equilastic selbsthaftende Bandage\"}]},{\"@type\":\"WebSite\",\"@id\":\"https:\\\/\\\/fabis-lederey.com\\\/#website\",\"url\":\"https:\\\/\\\/fabis-lederey.com\\\/\",\"name\":\"Fabis Lederey - Fabian Kempf\",\"description\":\"Die Reitsportsattlerei und Ledermanufaktur in Pirmasens, S\u00fcdwestpfalz und im SaarLorLux-Kreis.\",\"potentialAction\":[{\"@type\":\"SearchAction\",\"target\":{\"@type\":\"EntryPoint\",\"urlTemplate\":\"https:\\\/\\\/fabis-lederey.com\\\/?s={search_term_string}\"},\"query-input\":{\"@type\":\"PropertyValueSpecification\",\"valueRequired\":true,\"valueName\":\"search_term_string\"}}],\"inLanguage\":\"de\"}]}<\/script>\n<!-- \/ Yoast SEO plugin. -->","yoast_head_json":{"title":"Kerbl - Equilastic selbsthaftende Bandage - Fabis Lederey - Fabian Kempf","robots":{"index":"index","follow":"follow","max-snippet":"max-snippet:-1","max-image-preview":"max-image-preview:large","max-video-preview":"max-video-preview:-1"},"canonical":"http:\/\/fabis-lederey.com\/index.php\/produkt\/kerbl-equilastic-selbsthaftende-bandage\/","og_locale":"de_DE","og_type":"article","og_title":"Kerbl - Equilastic selbsthaftende Bandage - Fabis Lederey - Fabian Kempf","og_description":"Kerbl Bandage EquiLastic selbsthaftend       &nbsp;   selbsthaftende Bandage  klebt nicht an Haaren  f\u00fcr unterschiedliche Verb\u00e4nde  Farbwahl zuf\u00e4llig","og_url":"http:\/\/fabis-lederey.com\/index.php\/produkt\/kerbl-equilastic-selbsthaftende-bandage\/","og_site_name":"Fabis Lederey - Fabian Kempf","article_modified_time":"2022-01-20T11:21:30+00:00","twitter_card":"summary_large_image","twitter_misc":{"Gesch\u00e4tzte Lesezeit":"1\u00a0Minute"},"schema":{"@context":"https:\/\/schema.org","@graph":[{"@type":"WebPage","@id":"http:\/\/fabis-lederey.com\/index.php\/produkt\/kerbl-equilastic-selbsthaftende-bandage\/","url":"http:\/\/fabis-lederey.com\/index.php\/produkt\/kerbl-equilastic-selbsthaftende-bandage\/","name":"Kerbl - Equilastic selbsthaftende Bandage - Fabis Lederey - Fabian Kempf","isPartOf":{"@id":"https:\/\/fabis-lederey.com\/#website"},"datePublished":"2022-01-18T12:35:34+00:00","dateModified":"2022-01-20T11:21:30+00:00","breadcrumb":{"@id":"http:\/\/fabis-lederey.com\/index.php\/produkt\/kerbl-equilastic-selbsthaftende-bandage\/#breadcrumb"},"inLanguage":"de","potentialAction":[{"@type":"ReadAction","target":["http:\/\/fabis-lederey.com\/index.php\/produkt\/kerbl-equilastic-selbsthaftende-bandage\/"]}]},{"@type":"BreadcrumbList","@id":"http:\/\/fabis-lederey.com\/index.php\/produkt\/kerbl-equilastic-selbsthaftende-bandage\/#breadcrumb","itemListElement":[{"@type":"ListItem","position":1,"name":"Home","item":"http:\/\/fabis-lederey.com\/"},{"@type":"ListItem","position":2,"name":"Shop","item":"http:\/\/fabis-lederey.com\/?page_id=7147"},{"@type":"ListItem","position":3,"name":"Kerbl &#8211; Equilastic selbsthaftende Bandage"}]},{"@type":"WebSite","@id":"https:\/\/fabis-lederey.com\/#website","url":"https:\/\/fabis-lederey.com\/","name":"Fabis Lederey - Fabian Kempf","description":"Die Reitsportsattlerei und Ledermanufaktur in Pirmasens, S\u00fcdwestpfalz und im SaarLorLux-Kreis.","potentialAction":[{"@type":"SearchAction","target":{"@type":"EntryPoint","urlTemplate":"https:\/\/fabis-lederey.com\/?s={search_term_string}"},"query-input":{"@type":"PropertyValueSpecification","valueRequired":true,"valueName":"search_term_string"}}],"inLanguage":"de"}]}},"_links":{"self":[{"href":"http:\/\/fabis-lederey.com\/index.php\/wp-json\/wp\/v2\/product\/7447","targetHints":{"allow":["GET"]}}],"collection":[{"href":"http:\/\/fabis-lederey.com\/index.php\/wp-json\/wp\/v2\/product"}],"about":[{"href":"http:\/\/fabis-lederey.com\/index.php\/wp-json\/wp\/v2\/types\/product"}],"replies":[{"embeddable":true,"href":"http:\/\/fabis-lederey.com\/index.php\/wp-json\/wp\/v2\/comments?post=7447"}],"wp:attachment":[{"href":"http:\/\/fabis-lederey.com\/index.php\/wp-json\/wp\/v2\/media?parent=7447"}],"wp:term":[{"taxonomy":"product_brand","embeddable":true,"href":"http:\/\/fabis-lederey.com\/index.php\/wp-json\/wp\/v2\/product_brand?post=7447"},{"taxonomy":"product_cat","embeddable":true,"href":"http:\/\/fabis-lederey.com\/index.php\/wp-json\/wp\/v2\/product_cat?post=7447"},{"taxonomy":"product_tag","embeddable":true,"href":"http:\/\/fabis-lederey.com\/index.php\/wp-json\/wp\/v2\/product_tag?post=7447"}],"curies":[{"name":"wp","href":"https:\/\/api.w.org\/{rel}","templated":true}]}}

<div class="product--description">
<div class="col-12 col-md-7">
<div class="product--description">
<div class="product--description">
<div class="product--description">
<h2>Kerbl selbsthaftende Bandage EquiLastic</h2>
<p>&nbsp;</p>
<p>Die Bandage EquiLastic von Kerbl ist eine besonders hochelastische und selbsthaftende Ganzjahresbandage für verschiedene Arten von Verbänden. Diese Bandage garantiert selbst an schwierigen Stellen ein schnelles und einfaches Anlegen von Stützverbänden und weiteren Verbandsarten. Sie ist längsreißfest und kann zugleich quer besonders leicht abgerissen werden. Das spezielle Material bleibt nur an sich selbst kleben und nicht an den Pferdehaaren, damit sorgt diese Bandage für einen angenehmen Tragekomfort und eine gute Handhabung.</p>
<h3>Eigenschaften</h3>
<ul>
<li>hochelastische und selbsthaftende Bandage</li>
<li>das Material ist längsreißfest und quer leicht von Hand abreißbar</li>
<li>für Stützverbände und weitere Arten von Verbänden</li>
<li>Farbauswahl zufällig</li>
</ul>
</div>
</div>
</div>
</div>
</div>

<header class="product--header">
<div class="product--info">
<h4 class="product--title fundis-font-title-h1">Kerbl Bandage EquiLastic selbsthaftend</h4>
</div>
</header>
<div class="buybox--inner">
<div class="fundis-product-usp-properties">
<div class="fundis-product-usp-entry">
<p>&nbsp;</p>
<ul>
<li class="fundis-product-usp-entry-text">selbsthaftende Bandage</li>
<li class="fundis-product-usp-entry-text">klebt nicht an Haaren</li>
<li class="fundis-product-usp-entry-text">für unterschiedliche Verbände</li>
<li>Farbwahl zufällig</li>
</ul>
</div>
</div>
</div>

<!-- This site is optimized with the Yoast SEO plugin v27.5 - https://yoast.com/product/yoast-seo-wordpress/ -->
<title>Kerbl - Equilastic selbsthaftende Bandage - Fabis Lederey - Fabian Kempf</title>
<meta name="robots" content="index, follow, max-snippet:-1, max-image-preview:large, max-video-preview:-1" />
<link rel="canonical" href="http://fabis-lederey.com/index.php/produkt/kerbl-equilastic-selbsthaftende-bandage/" />
<meta property="og:locale" content="de_DE" />
<meta property="og:type" content="article" />
<meta property="og:title" content="Kerbl - Equilastic selbsthaftende Bandage - Fabis Lederey - Fabian Kempf" />
<meta property="og:description" content="Kerbl Bandage EquiLastic selbsthaftend       &nbsp;   selbsthaftende Bandage  klebt nicht an Haaren  für unterschiedliche Verbände  Farbwahl zufällig" />
<meta property="og:url" content="http://fabis-lederey.com/index.php/produkt/kerbl-equilastic-selbsthaftende-bandage/" />
<meta property="og:site_name" content="Fabis Lederey - Fabian Kempf" />
<meta property="article:modified_time" content="2022-01-20T11:21:30+00:00" />
<meta name="twitter:card" content="summary_large_image" />
<meta name="twitter:label1" content="Geschätzte Lesezeit" />
	<meta name="twitter:data1" content="1 Minute" />
<script type="application/ld+json" class="yoast-schema-graph">{"@context":"https:\/\/schema.org","@graph":[{"@type":"WebPage","@id":"http:\/\/fabis-lederey.com\/index.php\/produkt\/kerbl-equilastic-selbsthaftende-bandage\/","url":"http:\/\/fabis-lederey.com\/index.php\/produkt\/kerbl-equilastic-selbsthaftende-bandage\/","name":"Kerbl - Equilastic selbsthaftende Bandage - Fabis Lederey - Fabian Kempf","isPartOf":{"@id":"https:\/\/fabis-lederey.com\/#website"},"datePublished":"2022-01-18T12:35:34+00:00","dateModified":"2022-01-20T11:21:30+00:00","breadcrumb":{"@id":"http:\/\/fabis-lederey.com\/index.php\/produkt\/kerbl-equilastic-selbsthaftende-bandage\/#breadcrumb"},"inLanguage":"de","potentialAction":[{"@type":"ReadAction","target":["http:\/\/fabis-lederey.com\/index.php\/produkt\/kerbl-equilastic-selbsthaftende-bandage\/"]}]},{"@type":"BreadcrumbList","@id":"http:\/\/fabis-lederey.com\/index.php\/produkt\/kerbl-equilastic-selbsthaftende-bandage\/#breadcrumb","itemListElement":[{"@type":"ListItem","position":1,"name":"Home","item":"http:\/\/fabis-lederey.com\/"},{"@type":"ListItem","position":2,"name":"Shop","item":"http:\/\/fabis-lederey.com\/?page_id=7147"},{"@type":"ListItem","position":3,"name":"Kerbl &#8211; Equilastic selbsthaftende Bandage"}]},{"@type":"WebSite","@id":"https:\/\/fabis-lederey.com\/#website","url":"https:\/\/fabis-lederey.com\/","name":"Fabis Lederey - Fabian Kempf","description":"Die Reitsportsattlerei und Ledermanufaktur in Pirmasens, Südwestpfalz und im SaarLorLux-Kreis.","potentialAction":[{"@type":"SearchAction","target":{"@type":"EntryPoint","urlTemplate":"https:\/\/fabis-lederey.com\/?s={search_term_string}"},"query-input":{"@type":"PropertyValueSpecification","valueRequired":true,"valueName":"search_term_string"}}],"inLanguage":"de"}]}</script>
<!-- / Yoast SEO plugin. -->

Kerbl Bandage EquiLastic selbsthaftend       &nbsp;   selbsthaftende Bandage  klebt nicht an Haaren  für unterschiedliche Verbände  Farbwahl zufällig

Die Reitsportsattlerei und Ledermanufaktur in Pirmasens, Südwestpfalz und im SaarLorLux-Kreis.
