{"id":7609,"date":"2022-01-20T12:49:46","date_gmt":"2022-01-20T12:49:46","guid":{"rendered":"http:\/\/fabis-lederey.com\/?post_type=product&#038;p=7609"},"modified":"2022-01-20T12:54:09","modified_gmt":"2022-01-20T12:54:09","slug":"dynamic-rs-unterlegtrense-14mm-doppelt-gebrochen-55mm-ring","status":"publish","type":"product","link":"http:\/\/fabis-lederey.com\/index.php\/produkt\/dynamic-rs-unterlegtrense-14mm-doppelt-gebrochen-55mm-ring\/","title":{"rendered":"Dynamic RS Unterlegtrense, 14mm, doppelt gebrochen, 55mm Ring"},"content":{"rendered":"<div class=\"product--description\">\n<h2>Dynamic RS Unterlegtrense, 14mm, doppelt gebrochen, 55mm Ring<\/h2>\n<p>&nbsp;<\/p>\n<p>Dynamic RS Gebisse sind so geformt, dass sie anatomisch korrekt zwischen Zunge und Gaumen liegen und keinen Druck auf empfindliche Maulpartien aus\u00fcben.<\/p>\n<p>Sie sind eine Weiterentwicklung der KK ULTRA Gebisse, deren Mittelst\u00fcck bzw. Gelenk in der Mitte um 45\u00b0 nach vorne geneigt ist und somit den sensiblen Tastsinn der Zunge nutzt.<\/p>\n<p>Durch die ergonomische Form kommen die Z\u00fcgelhilfen gezielter im Pferdemaul an. Der durch die Z\u00fcgelhilfe ausgel\u00f6ste Druck verteilt sich \u00fcber die gesamte Zunge, die im Maul wie ein Polster wirkt.<br \/>\nDas Mundst\u00fcck f\u00fcgt sich optimal in die Zungen- und Maulkontur ein, die Einwirkung wird pr\u00e4zise und effektiv. Bei korrekter Anwendung f\u00f6rdern Dynamic RS Gebisse eine vertrauensvolle Anlehnung &#8211; auch bei sensiblen Pferden.<\/p>\n<\/div>\n","protected":false},"excerpt":{"rendered":"<header class=\"product--header\">\n<div class=\"product--info\">\n<h4 class=\"product--title fundis-font-title-h1\">Dynamic RS Unterlegtrense, 14mm, doppelt gebrochen, 55mm Ring<\/h4>\n<div class=\"fundis-product-rating\">\n<div id=\"ts_product_widget_position_FR22998\">\n<div class=\"fundis-product-usp-entry-text\">\n<div class=\"bullets product_enhancements_block\">\n<div class=\"bullets product_enhancements_block\">\n<ul>\n<li>ergonomische Form gew\u00e4hrleistet gleichm\u00e4\u00dfige Druckverteilung auf die Zunge, Mittelst\u00fcck um 45\u00b0 nach vorne geneigt<\/li>\n<li>liegt anatomisch korrekt zwischen Zunge und Gaumenbogen, erlaubt effektive Hilfengebung<\/li>\n<li>ideal auch f\u00fcr sensible Pferde oder Pferde mit fleischiger Zunge<\/li>\n<li>direkte \u00dcbertragung der Z\u00fcgelhilfe auf Zunge und Unterkiefer durch fixiertes Seitenteil<\/li>\n<li>ruhige Lage im Pferdemaul, maulwinkelschonend<\/li>\n<\/ul>\n<\/div>\n<\/div>\n<\/div>\n<\/div>\n<\/div>\n<\/div>\n<\/header>\n","protected":false},"featured_media":0,"comment_status":"open","ping_status":"closed","template":"","meta":[],"product_brand":[],"product_cat":[44,84],"product_tag":[],"class_list":{"0":"post-7609","1":"product","2":"type-product","3":"status-publish","5":"product_cat-allproducts","6":"product_cat-gebisse","7":"pa_groesse-gebiss-163","8":"pa_groesse-gebiss-160","9":"pa_groesse-gebiss-164","10":"pa_groesse-gebiss-161","11":"pa_groesse-gebiss-165","12":"pa_groesse-gebiss-162","14":"first","15":"instock","16":"taxable","17":"shipping-taxable","18":"purchasable","19":"product-type-variable"},"yoast_head":"<!-- This site is optimized with the Yoast SEO plugin v27.5 - https:\/\/yoast.com\/product\/yoast-seo-wordpress\/ -->\n<title>Dynamic RS Unterlegtrense, 14mm, doppelt gebrochen, 55mm Ring - Fabis Lederey - Fabian Kempf<\/title>\n<meta name=\"robots\" content=\"index, follow, max-snippet:-1, max-image-preview:large, max-video-preview:-1\" \/>\n<link rel=\"canonical\" href=\"http:\/\/fabis-lederey.com\/index.php\/produkt\/dynamic-rs-unterlegtrense-14mm-doppelt-gebrochen-55mm-ring\/\" \/>\n<meta property=\"og:locale\" content=\"de_DE\" \/>\n<meta property=\"og:type\" content=\"article\" \/>\n<meta property=\"og:title\" content=\"Dynamic RS Unterlegtrense, 14mm, doppelt gebrochen, 55mm Ring - Fabis Lederey - Fabian Kempf\" \/>\n<meta property=\"og:description\" content=\"Dynamic RS Unterlegtrense, 14mm, doppelt gebrochen, 55mm Ring        ergonomische Form gew\u00e4hrleistet gleichm\u00e4\u00dfige Druckverteilung auf die Zunge, Mittelst\u00fcck um 45\u00b0 nach vorne geneigt  liegt anatomisch korrekt zwischen Zunge und Gaumenbogen, erlaubt effektive Hilfengebung  ideal auch f\u00fcr sensible Pferde oder Pferde mit fleischiger Zunge  direkte \u00dcbertragung der Z\u00fcgelhilfe auf Zunge und Unterkiefer durch fixiertes Seitenteil  ruhige Lage im Pferdemaul, maulwinkelschonend\" \/>\n<meta property=\"og:url\" content=\"http:\/\/fabis-lederey.com\/index.php\/produkt\/dynamic-rs-unterlegtrense-14mm-doppelt-gebrochen-55mm-ring\/\" \/>\n<meta property=\"og:site_name\" content=\"Fabis Lederey - Fabian Kempf\" \/>\n<meta property=\"article:modified_time\" content=\"2022-01-20T12:54:09+00:00\" \/>\n<meta name=\"twitter:card\" content=\"summary_large_image\" \/>\n<meta name=\"twitter:label1\" content=\"Gesch\u00e4tzte Lesezeit\" \/>\n\t<meta name=\"twitter:data1\" content=\"1\u00a0Minute\" \/>\n<script type=\"application\/ld+json\" class=\"yoast-schema-graph\">{\"@context\":\"https:\\\/\\\/schema.org\",\"@graph\":[{\"@type\":\"WebPage\",\"@id\":\"http:\\\/\\\/fabis-lederey.com\\\/index.php\\\/produkt\\\/dynamic-rs-unterlegtrense-14mm-doppelt-gebrochen-55mm-ring\\\/\",\"url\":\"http:\\\/\\\/fabis-lederey.com\\\/index.php\\\/produkt\\\/dynamic-rs-unterlegtrense-14mm-doppelt-gebrochen-55mm-ring\\\/\",\"name\":\"Dynamic RS Unterlegtrense, 14mm, doppelt gebrochen, 55mm Ring - Fabis Lederey - Fabian Kempf\",\"isPartOf\":{\"@id\":\"https:\\\/\\\/fabis-lederey.com\\\/#website\"},\"datePublished\":\"2022-01-20T12:49:46+00:00\",\"dateModified\":\"2022-01-20T12:54:09+00:00\",\"breadcrumb\":{\"@id\":\"http:\\\/\\\/fabis-lederey.com\\\/index.php\\\/produkt\\\/dynamic-rs-unterlegtrense-14mm-doppelt-gebrochen-55mm-ring\\\/#breadcrumb\"},\"inLanguage\":\"de\",\"potentialAction\":[{\"@type\":\"ReadAction\",\"target\":[\"http:\\\/\\\/fabis-lederey.com\\\/index.php\\\/produkt\\\/dynamic-rs-unterlegtrense-14mm-doppelt-gebrochen-55mm-ring\\\/\"]}]},{\"@type\":\"BreadcrumbList\",\"@id\":\"http:\\\/\\\/fabis-lederey.com\\\/index.php\\\/produkt\\\/dynamic-rs-unterlegtrense-14mm-doppelt-gebrochen-55mm-ring\\\/#breadcrumb\",\"itemListElement\":[{\"@type\":\"ListItem\",\"position\":1,\"name\":\"Home\",\"item\":\"http:\\\/\\\/fabis-lederey.com\\\/\"},{\"@type\":\"ListItem\",\"position\":2,\"name\":\"Shop\",\"item\":\"http:\\\/\\\/fabis-lederey.com\\\/?page_id=7147\"},{\"@type\":\"ListItem\",\"position\":3,\"name\":\"Dynamic RS Unterlegtrense, 14mm, doppelt gebrochen, 55mm Ring\"}]},{\"@type\":\"WebSite\",\"@id\":\"https:\\\/\\\/fabis-lederey.com\\\/#website\",\"url\":\"https:\\\/\\\/fabis-lederey.com\\\/\",\"name\":\"Fabis Lederey - Fabian Kempf\",\"description\":\"Die Reitsportsattlerei und Ledermanufaktur in Pirmasens, S\u00fcdwestpfalz und im SaarLorLux-Kreis.\",\"potentialAction\":[{\"@type\":\"SearchAction\",\"target\":{\"@type\":\"EntryPoint\",\"urlTemplate\":\"https:\\\/\\\/fabis-lederey.com\\\/?s={search_term_string}\"},\"query-input\":{\"@type\":\"PropertyValueSpecification\",\"valueRequired\":true,\"valueName\":\"search_term_string\"}}],\"inLanguage\":\"de\"}]}<\/script>\n<!-- \/ Yoast SEO plugin. -->","yoast_head_json":{"title":"Dynamic RS Unterlegtrense, 14mm, doppelt gebrochen, 55mm Ring - Fabis Lederey - Fabian Kempf","robots":{"index":"index","follow":"follow","max-snippet":"max-snippet:-1","max-image-preview":"max-image-preview:large","max-video-preview":"max-video-preview:-1"},"canonical":"http:\/\/fabis-lederey.com\/index.php\/produkt\/dynamic-rs-unterlegtrense-14mm-doppelt-gebrochen-55mm-ring\/","og_locale":"de_DE","og_type":"article","og_title":"Dynamic RS Unterlegtrense, 14mm, doppelt gebrochen, 55mm Ring - Fabis Lederey - Fabian Kempf","og_description":"Dynamic RS Unterlegtrense, 14mm, doppelt gebrochen, 55mm Ring        ergonomische Form gew\u00e4hrleistet gleichm\u00e4\u00dfige Druckverteilung auf die Zunge, Mittelst\u00fcck um 45\u00b0 nach vorne geneigt  liegt anatomisch korrekt zwischen Zunge und Gaumenbogen, erlaubt effektive Hilfengebung  ideal auch f\u00fcr sensible Pferde oder Pferde mit fleischiger Zunge  direkte \u00dcbertragung der Z\u00fcgelhilfe auf Zunge und Unterkiefer durch fixiertes Seitenteil  ruhige Lage im Pferdemaul, maulwinkelschonend","og_url":"http:\/\/fabis-lederey.com\/index.php\/produkt\/dynamic-rs-unterlegtrense-14mm-doppelt-gebrochen-55mm-ring\/","og_site_name":"Fabis Lederey - Fabian Kempf","article_modified_time":"2022-01-20T12:54:09+00:00","twitter_card":"summary_large_image","twitter_misc":{"Gesch\u00e4tzte Lesezeit":"1\u00a0Minute"},"schema":{"@context":"https:\/\/schema.org","@graph":[{"@type":"WebPage","@id":"http:\/\/fabis-lederey.com\/index.php\/produkt\/dynamic-rs-unterlegtrense-14mm-doppelt-gebrochen-55mm-ring\/","url":"http:\/\/fabis-lederey.com\/index.php\/produkt\/dynamic-rs-unterlegtrense-14mm-doppelt-gebrochen-55mm-ring\/","name":"Dynamic RS Unterlegtrense, 14mm, doppelt gebrochen, 55mm Ring - Fabis Lederey - Fabian Kempf","isPartOf":{"@id":"https:\/\/fabis-lederey.com\/#website"},"datePublished":"2022-01-20T12:49:46+00:00","dateModified":"2022-01-20T12:54:09+00:00","breadcrumb":{"@id":"http:\/\/fabis-lederey.com\/index.php\/produkt\/dynamic-rs-unterlegtrense-14mm-doppelt-gebrochen-55mm-ring\/#breadcrumb"},"inLanguage":"de","potentialAction":[{"@type":"ReadAction","target":["http:\/\/fabis-lederey.com\/index.php\/produkt\/dynamic-rs-unterlegtrense-14mm-doppelt-gebrochen-55mm-ring\/"]}]},{"@type":"BreadcrumbList","@id":"http:\/\/fabis-lederey.com\/index.php\/produkt\/dynamic-rs-unterlegtrense-14mm-doppelt-gebrochen-55mm-ring\/#breadcrumb","itemListElement":[{"@type":"ListItem","position":1,"name":"Home","item":"http:\/\/fabis-lederey.com\/"},{"@type":"ListItem","position":2,"name":"Shop","item":"http:\/\/fabis-lederey.com\/?page_id=7147"},{"@type":"ListItem","position":3,"name":"Dynamic RS Unterlegtrense, 14mm, doppelt gebrochen, 55mm Ring"}]},{"@type":"WebSite","@id":"https:\/\/fabis-lederey.com\/#website","url":"https:\/\/fabis-lederey.com\/","name":"Fabis Lederey - Fabian Kempf","description":"Die Reitsportsattlerei und Ledermanufaktur in Pirmasens, S\u00fcdwestpfalz und im SaarLorLux-Kreis.","potentialAction":[{"@type":"SearchAction","target":{"@type":"EntryPoint","urlTemplate":"https:\/\/fabis-lederey.com\/?s={search_term_string}"},"query-input":{"@type":"PropertyValueSpecification","valueRequired":true,"valueName":"search_term_string"}}],"inLanguage":"de"}]}},"_links":{"self":[{"href":"http:\/\/fabis-lederey.com\/index.php\/wp-json\/wp\/v2\/product\/7609","targetHints":{"allow":["GET"]}}],"collection":[{"href":"http:\/\/fabis-lederey.com\/index.php\/wp-json\/wp\/v2\/product"}],"about":[{"href":"http:\/\/fabis-lederey.com\/index.php\/wp-json\/wp\/v2\/types\/product"}],"replies":[{"embeddable":true,"href":"http:\/\/fabis-lederey.com\/index.php\/wp-json\/wp\/v2\/comments?post=7609"}],"wp:attachment":[{"href":"http:\/\/fabis-lederey.com\/index.php\/wp-json\/wp\/v2\/media?parent=7609"}],"wp:term":[{"taxonomy":"product_brand","embeddable":true,"href":"http:\/\/fabis-lederey.com\/index.php\/wp-json\/wp\/v2\/product_brand?post=7609"},{"taxonomy":"product_cat","embeddable":true,"href":"http:\/\/fabis-lederey.com\/index.php\/wp-json\/wp\/v2\/product_cat?post=7609"},{"taxonomy":"product_tag","embeddable":true,"href":"http:\/\/fabis-lederey.com\/index.php\/wp-json\/wp\/v2\/product_tag?post=7609"}],"curies":[{"name":"wp","href":"https:\/\/api.w.org\/{rel}","templated":true}]}}