{"id":7193,"date":"2021-12-15T13:26:58","date_gmt":"2021-12-15T13:26:58","guid":{"rendered":"http:\/\/fabis-lederey.com\/?post_type=product&#038;p=7193"},"modified":"2021-12-22T08:19:16","modified_gmt":"2021-12-22T08:19:16","slug":"sprenger-steigbuegel-bow-balance","status":"publish","type":"product","link":"https:\/\/fabis-lederey.com\/index.php\/produkt\/sprenger-steigbuegel-bow-balance\/","title":{"rendered":"Sprenger &#8211; Steigb\u00fcgel Bow Balance"},"content":{"rendered":"<h3 class=\"subline\">SPRENGER Steigb\u00fcgel Bow Balance<\/h3>\n<div class=\"bullets product_enhancements_block\">\n<ul>\n<li>gebogene Form f\u00fcr perfekte Lage<\/li>\n<li>System-4-Gelenk f\u00fcr Komfort und bestm\u00f6gliche Sicherheit<\/li>\n<li>extra breite Trittfl\u00e4che f\u00fcr optimale Balance<\/li>\n<li>sto\u00dfd\u00e4mpfend und schonend f\u00fcr Gelenke, B\u00e4nder und Menisken<\/li>\n<li>Einlage mit zwei verschiedenen Gummih\u00e4rten f\u00fcr besseren Grip<\/li>\n<li>sehr hohe Festigkeit<\/li>\n<\/ul>\n<p>&nbsp;<\/p>\n<\/div>\n","protected":false},"excerpt":{"rendered":"<h4>Sprenger &#8211; Steigb\u00fcgel Fillis<\/h4>\n<ul>\n<li>Material Edelstahl rostfrei<\/li>\n<li>Farbe anthrazit<\/li>\n<li>Trittbreite 120mm<\/li>\n<li>Einlage schwarz-blau<\/li>\n<\/ul>\n","protected":false},"featured_media":0,"comment_status":"open","ping_status":"closed","template":"","meta":[],"product_brand":[],"product_cat":[44,82],"product_tag":[],"class_list":{"0":"post-7193","1":"product","2":"type-product","3":"status-publish","5":"product_cat-allproducts","6":"product_cat-steigbuegel-und-riemen","8":"first","9":"instock","10":"taxable","11":"shipping-taxable","12":"purchasable","13":"product-type-simple"},"yoast_head":"<!-- This site is optimized with the Yoast SEO plugin v27.5 - https:\/\/yoast.com\/product\/yoast-seo-wordpress\/ -->\n<title>Sprenger - Steigb\u00fcgel Bow Balance - Fabis Lederey - Fabian Kempf<\/title>\n<meta name=\"robots\" content=\"index, follow, max-snippet:-1, max-image-preview:large, max-video-preview:-1\" \/>\n<link rel=\"canonical\" href=\"http:\/\/fabis-lederey.com\/index.php\/produkt\/sprenger-steigbuegel-bow-balance\/\" \/>\n<meta property=\"og:locale\" content=\"de_DE\" \/>\n<meta property=\"og:type\" content=\"article\" \/>\n<meta property=\"og:title\" content=\"Sprenger - Steigb\u00fcgel Bow Balance - Fabis Lederey - Fabian Kempf\" \/>\n<meta property=\"og:description\" content=\"Sprenger - Steigb\u00fcgel Fillis   Material Edelstahl rostfrei  Farbe anthrazit  Trittbreite 120mm  Einlage schwarz-blau\" \/>\n<meta property=\"og:url\" content=\"http:\/\/fabis-lederey.com\/index.php\/produkt\/sprenger-steigbuegel-bow-balance\/\" \/>\n<meta property=\"og:site_name\" content=\"Fabis Lederey - Fabian Kempf\" \/>\n<meta property=\"article:modified_time\" content=\"2021-12-22T08:19:16+00:00\" \/>\n<meta name=\"twitter:card\" content=\"summary_large_image\" \/>\n<meta name=\"twitter:label1\" content=\"Gesch\u00e4tzte Lesezeit\" \/>\n\t<meta name=\"twitter:data1\" content=\"1\u00a0Minute\" \/>\n<script type=\"application\/ld+json\" class=\"yoast-schema-graph\">{\"@context\":\"https:\\\/\\\/schema.org\",\"@graph\":[{\"@type\":\"WebPage\",\"@id\":\"http:\\\/\\\/fabis-lederey.com\\\/index.php\\\/produkt\\\/sprenger-steigbuegel-bow-balance\\\/\",\"url\":\"http:\\\/\\\/fabis-lederey.com\\\/index.php\\\/produkt\\\/sprenger-steigbuegel-bow-balance\\\/\",\"name\":\"Sprenger - Steigb\u00fcgel Bow Balance - Fabis Lederey - Fabian Kempf\",\"isPartOf\":{\"@id\":\"http:\\\/\\\/fabis-lederey.com\\\/#website\"},\"datePublished\":\"2021-12-15T13:26:58+00:00\",\"dateModified\":\"2021-12-22T08:19:16+00:00\",\"breadcrumb\":{\"@id\":\"http:\\\/\\\/fabis-lederey.com\\\/index.php\\\/produkt\\\/sprenger-steigbuegel-bow-balance\\\/#breadcrumb\"},\"inLanguage\":\"de\",\"potentialAction\":[{\"@type\":\"ReadAction\",\"target\":[\"http:\\\/\\\/fabis-lederey.com\\\/index.php\\\/produkt\\\/sprenger-steigbuegel-bow-balance\\\/\"]}]},{\"@type\":\"BreadcrumbList\",\"@id\":\"http:\\\/\\\/fabis-lederey.com\\\/index.php\\\/produkt\\\/sprenger-steigbuegel-bow-balance\\\/#breadcrumb\",\"itemListElement\":[{\"@type\":\"ListItem\",\"position\":1,\"name\":\"Home\",\"item\":\"http:\\\/\\\/fabis-lederey.com\\\/\"},{\"@type\":\"ListItem\",\"position\":2,\"name\":\"Shop\",\"item\":\"http:\\\/\\\/fabis-lederey.com\\\/?page_id=7147\"},{\"@type\":\"ListItem\",\"position\":3,\"name\":\"Sprenger &#8211; Steigb\u00fcgel Bow Balance\"}]},{\"@type\":\"WebSite\",\"@id\":\"http:\\\/\\\/fabis-lederey.com\\\/#website\",\"url\":\"http:\\\/\\\/fabis-lederey.com\\\/\",\"name\":\"Fabis Lederey - Fabian Kempf\",\"description\":\"Die Reitsportsattlerei und Ledermanufaktur in Pirmasens, S\u00fcdwestpfalz und im SaarLorLux-Kreis.\",\"potentialAction\":[{\"@type\":\"SearchAction\",\"target\":{\"@type\":\"EntryPoint\",\"urlTemplate\":\"http:\\\/\\\/fabis-lederey.com\\\/?s={search_term_string}\"},\"query-input\":{\"@type\":\"PropertyValueSpecification\",\"valueRequired\":true,\"valueName\":\"search_term_string\"}}],\"inLanguage\":\"de\"}]}<\/script>\n<!-- \/ Yoast SEO plugin. -->","yoast_head_json":{"title":"Sprenger - Steigb\u00fcgel Bow Balance - Fabis Lederey - Fabian Kempf","robots":{"index":"index","follow":"follow","max-snippet":"max-snippet:-1","max-image-preview":"max-image-preview:large","max-video-preview":"max-video-preview:-1"},"canonical":"http:\/\/fabis-lederey.com\/index.php\/produkt\/sprenger-steigbuegel-bow-balance\/","og_locale":"de_DE","og_type":"article","og_title":"Sprenger - Steigb\u00fcgel Bow Balance - Fabis Lederey - Fabian Kempf","og_description":"Sprenger - Steigb\u00fcgel Fillis   Material Edelstahl rostfrei  Farbe anthrazit  Trittbreite 120mm  Einlage schwarz-blau","og_url":"http:\/\/fabis-lederey.com\/index.php\/produkt\/sprenger-steigbuegel-bow-balance\/","og_site_name":"Fabis Lederey - Fabian Kempf","article_modified_time":"2021-12-22T08:19:16+00:00","twitter_card":"summary_large_image","twitter_misc":{"Gesch\u00e4tzte Lesezeit":"1\u00a0Minute"},"schema":{"@context":"https:\/\/schema.org","@graph":[{"@type":"WebPage","@id":"http:\/\/fabis-lederey.com\/index.php\/produkt\/sprenger-steigbuegel-bow-balance\/","url":"http:\/\/fabis-lederey.com\/index.php\/produkt\/sprenger-steigbuegel-bow-balance\/","name":"Sprenger - Steigb\u00fcgel Bow Balance - Fabis Lederey - Fabian Kempf","isPartOf":{"@id":"http:\/\/fabis-lederey.com\/#website"},"datePublished":"2021-12-15T13:26:58+00:00","dateModified":"2021-12-22T08:19:16+00:00","breadcrumb":{"@id":"http:\/\/fabis-lederey.com\/index.php\/produkt\/sprenger-steigbuegel-bow-balance\/#breadcrumb"},"inLanguage":"de","potentialAction":[{"@type":"ReadAction","target":["http:\/\/fabis-lederey.com\/index.php\/produkt\/sprenger-steigbuegel-bow-balance\/"]}]},{"@type":"BreadcrumbList","@id":"http:\/\/fabis-lederey.com\/index.php\/produkt\/sprenger-steigbuegel-bow-balance\/#breadcrumb","itemListElement":[{"@type":"ListItem","position":1,"name":"Home","item":"http:\/\/fabis-lederey.com\/"},{"@type":"ListItem","position":2,"name":"Shop","item":"http:\/\/fabis-lederey.com\/?page_id=7147"},{"@type":"ListItem","position":3,"name":"Sprenger &#8211; Steigb\u00fcgel Bow Balance"}]},{"@type":"WebSite","@id":"http:\/\/fabis-lederey.com\/#website","url":"http:\/\/fabis-lederey.com\/","name":"Fabis Lederey - Fabian Kempf","description":"Die Reitsportsattlerei und Ledermanufaktur in Pirmasens, S\u00fcdwestpfalz und im SaarLorLux-Kreis.","potentialAction":[{"@type":"SearchAction","target":{"@type":"EntryPoint","urlTemplate":"http:\/\/fabis-lederey.com\/?s={search_term_string}"},"query-input":{"@type":"PropertyValueSpecification","valueRequired":true,"valueName":"search_term_string"}}],"inLanguage":"de"}]}},"_links":{"self":[{"href":"https:\/\/fabis-lederey.com\/index.php\/wp-json\/wp\/v2\/product\/7193","targetHints":{"allow":["GET"]}}],"collection":[{"href":"https:\/\/fabis-lederey.com\/index.php\/wp-json\/wp\/v2\/product"}],"about":[{"href":"https:\/\/fabis-lederey.com\/index.php\/wp-json\/wp\/v2\/types\/product"}],"replies":[{"embeddable":true,"href":"https:\/\/fabis-lederey.com\/index.php\/wp-json\/wp\/v2\/comments?post=7193"}],"wp:attachment":[{"href":"https:\/\/fabis-lederey.com\/index.php\/wp-json\/wp\/v2\/media?parent=7193"}],"wp:term":[{"taxonomy":"product_brand","embeddable":true,"href":"https:\/\/fabis-lederey.com\/index.php\/wp-json\/wp\/v2\/product_brand?post=7193"},{"taxonomy":"product_cat","embeddable":true,"href":"https:\/\/fabis-lederey.com\/index.php\/wp-json\/wp\/v2\/product_cat?post=7193"},{"taxonomy":"product_tag","embeddable":true,"href":"https:\/\/fabis-lederey.com\/index.php\/wp-json\/wp\/v2\/product_tag?post=7193"}],"curies":[{"name":"wp","href":"https:\/\/api.w.org\/{rel}","templated":true}]}}